CRAN Package Check Results for Package VarRedOpt

Last updated on 2025-05-03 21:51:35 CEST.

Flavor Version Tinstall Tcheck Ttotal Status Flags
r-devel-linux-x86_64-debian-clang 0.1.0 1.67 26.03 27.70 OK
r-devel-linux-x86_64-debian-gcc 0.1.0 1.45 21.23 22.68 OK
r-devel-linux-x86_64-fedora-clang 0.1.0 44.77 OK
r-devel-linux-x86_64-fedora-gcc 0.1.0 43.41 OK
r-devel-windows-x86_64 0.1.0 3.00 52.00 55.00 OK
r-patched-linux-x86_64 0.1.0 1.97 25.10 27.07 OK
r-release-linux-x86_64 OK
r-release-macos-arm64 0.1.0 20.00 OK
r-release-macos-x86_64 0.1.0 33.00 OK
r-release-windows-x86_64 0.1.0 2.00 52.00 54.00 OK
r-oldrel-macos-arm64 0.1.0 18.00 NOTE
r-oldrel-macos-x86_64 0.1.0 27.00 NOTE
r-oldrel-windows-x86_64 0.1.0 3.00 59.00 62.00 NOTE

Check Details

Version: 0.1.0
Check: LazyData
Result: NOTE 'LazyData' is specified without a 'data' directory Flavors: r-oldrel-macos-arm64, r-oldrel-macos-x86_64, r-oldrel-windows-x86_64