Last updated on 2025-05-06 21:52:28 CEST.
Flavor | Version | Tinstall | Tcheck | Ttotal | Status | Flags |
---|---|---|---|---|---|---|
r-devel-linux-x86_64-debian-clang | 0.1 | 1.61 | 16.95 | 18.56 | NOTE | |
r-devel-linux-x86_64-debian-gcc | 0.1 | 1.26 | 14.12 | 15.38 | NOTE | |
r-devel-linux-x86_64-fedora-clang | 0.1 | 28.30 | OK | |||
r-devel-linux-x86_64-fedora-gcc | 0.1 | 26.90 | OK | |||
r-devel-windows-x86_64 | 0.1 | 3.00 | 37.00 | 40.00 | OK | |
r-patched-linux-x86_64 | 0.1 | 1.61 | 15.82 | 17.43 | OK | |
r-release-linux-x86_64 | 0.1 | 1.59 | 16.36 | 17.95 | OK | |
r-release-macos-arm64 | 0.1 | 22.00 | OK | |||
r-release-macos-x86_64 | 0.1 | 26.00 | OK | |||
r-release-windows-x86_64 | 0.1 | 3.00 | 37.00 | 40.00 | OK | |
r-oldrel-macos-arm64 | 0.1 | 15.00 | NOTE | |||
r-oldrel-macos-x86_64 | 0.1 | 20.00 | NOTE | |||
r-oldrel-windows-x86_64 | 0.1 | 3.00 | 42.00 | 45.00 | NOTE |
Version: 0.1
Check: CRAN incoming feasibility
Result: NOTE
Maintainer: ‘Rishabh Singh<rishabhsinghrsg@gmail.com>’
No Authors@R field in DESCRIPTION.
Please add one, modifying
Authors@R: person(given = "Rishabh",
family = "Singh",
role = c("aut", "cre"),
email = "rishabhsinghrsg@gmail.com")
as necessary.
Flavors: r-devel-linux-x86_64-debian-clang, r-devel-linux-x86_64-debian-gcc
Version: 0.1
Check: LazyData
Result: NOTE
'LazyData' is specified without a 'data' directory
Flavors: r-oldrel-macos-arm64, r-oldrel-macos-x86_64, r-oldrel-windows-x86_64