Last updated on 2025-05-03 21:51:36 CEST.
Flavor | Version | Tinstall | Tcheck | Ttotal | Status | Flags |
---|---|---|---|---|---|---|
r-devel-linux-x86_64-debian-clang | 0.2.2 | 1.69 | 40.05 | 41.74 | NOTE | |
r-devel-linux-x86_64-debian-gcc | 0.2.2 | 1.12 | 29.45 | 30.57 | NOTE | |
r-devel-linux-x86_64-fedora-clang | 0.2.2 | 64.89 | OK | |||
r-devel-linux-x86_64-fedora-gcc | 0.2.2 | 62.43 | OK | |||
r-devel-windows-x86_64 | 0.2.2 | 3.00 | 64.00 | 67.00 | OK | |
r-patched-linux-x86_64 | 0.2.2 | 1.62 | 38.47 | 40.09 | OK | |
r-release-linux-x86_64 | OK | |||||
r-release-macos-arm64 | 0.2.2 | 25.00 | OK | |||
r-release-macos-x86_64 | 0.2.2 | 56.00 | OK | |||
r-release-windows-x86_64 | 0.2.2 | 2.00 | 58.00 | 60.00 | OK | |
r-oldrel-macos-arm64 | 0.2.2 | 22.00 | NOTE | |||
r-oldrel-macos-x86_64 | 0.2.2 | 34.00 | NOTE | |||
r-oldrel-windows-x86_64 | 0.2.2 | 4.00 | 69.00 | 73.00 | NOTE |
Version: 0.2.2
Check: CRAN incoming feasibility
Result: NOTE
Maintainer: ‘Ujjwal Singh <ujjwalrsmt@gmail.com>’
No Authors@R field in DESCRIPTION.
Please add one, modifying
Authors@R: c(person(given = c("Ujjwal", "Singh", "Prashant", "K", "Srivastava", "<prashant.just@gmail.com)>", "Dharmendra", "Kumar", "Pandey", "<Dkp@sac.isro.gov.in>", "Sumit", "Kumar", "Chaudhary", "<sumit.mathe@gmail.com>", "Dileep", "Kumar", "Gupta"),
family = "<dileepgupta85@gmail.com>",
role = "aut",
email = "dileepgupta85@gmail.com"),
person(given = "Ujjwal",
family = "Singh",
role = "cre",
email = "ujjwalrsmt@gmail.com"))
as necessary.
Flavors: r-devel-linux-x86_64-debian-clang, r-devel-linux-x86_64-debian-gcc
Version: 0.2.2
Check: LazyData
Result: NOTE
'LazyData' is specified without a 'data' directory
Flavors: r-oldrel-macos-arm64, r-oldrel-macos-x86_64, r-oldrel-windows-x86_64