Last updated on 2024-06-17 06:50:36 CEST.
Flavor | Version | Tinstall | Tcheck | Ttotal | Status | Flags |
---|---|---|---|---|---|---|
r-devel-linux-x86_64-debian-clang | 0.1 | 4.52 | 36.62 | 41.14 | NOTE | |
r-devel-linux-x86_64-debian-gcc | 0.1 | 3.51 | 28.21 | 31.72 | NOTE | |
r-devel-linux-x86_64-fedora-clang | 0.1 | 51.46 | NOTE | |||
r-devel-linux-x86_64-fedora-gcc | 0.1 | 48.96 | NOTE | |||
r-devel-windows-x86_64 | 0.1 | 7.00 | 59.00 | 66.00 | NOTE | |
r-patched-linux-x86_64 | 0.1 | 3.86 | 35.17 | 39.03 | NOTE | |
r-release-linux-x86_64 | 0.1 | 3.94 | 35.63 | 39.57 | NOTE | |
r-release-macos-arm64 | 0.1 | 21.00 | NOTE | |||
r-release-macos-x86_64 | 0.1 | 31.00 | NOTE | |||
r-release-windows-x86_64 | 0.1 | 6.00 | 59.00 | 65.00 | NOTE | |
r-oldrel-macos-arm64 | 0.1 | 23.00 | NOTE | |||
r-oldrel-macos-x86_64 | 0.1 | 34.00 | NOTE | |||
r-oldrel-windows-x86_64 | 0.1 | 7.00 | 61.00 | 68.00 | NOTE |
Version: 0.1
Check: LazyData
Result: NOTE
'LazyData' is specified without a 'data' directory
Flavors: r-devel-linux-x86_64-debian-clang, r-devel-linux-x86_64-debian-gcc, r-devel-linux-x86_64-fedora-clang, r-devel-linux-x86_64-fedora-gcc, r-devel-windows-x86_64, r-patched-linux-x86_64, r-release-linux-x86_64, r-release-macos-arm64, r-release-macos-x86_64, r-release-windows-x86_64, r-oldrel-macos-arm64, r-oldrel-macos-x86_64, r-oldrel-windows-x86_64