CRAN Package Check Results for Package Wcompo

Last updated on 2025-07-24 12:51:42 CEST.

Flavor Version Tinstall Tcheck Ttotal Status Flags
r-devel-linux-x86_64-debian-clang 1.0 6.97 77.47 84.44 NOTE
r-devel-linux-x86_64-debian-gcc 1.0 4.60 58.50 63.10 NOTE
r-devel-linux-x86_64-fedora-clang 1.0 138.07 OK
r-devel-linux-x86_64-fedora-gcc 1.0 145.26 OK
r-devel-windows-x86_64 1.0 7.00 87.00 94.00 OK
r-patched-linux-x86_64 1.0 5.28 75.89 81.17 OK
r-release-linux-x86_64 1.0 6.03 75.66 81.69 OK
r-release-macos-arm64 1.0 54.00 OK
r-release-macos-x86_64 1.0 95.00 OK
r-release-windows-x86_64 1.0 7.00 90.00 97.00 OK
r-oldrel-macos-arm64 1.0 43.00 OK
r-oldrel-macos-x86_64 1.0 70.00 OK
r-oldrel-windows-x86_64 1.0 9.00 111.00 120.00 OK

Check Details

Version: 1.0
Check: CRAN incoming feasibility
Result: NOTE Maintainer: ‘Lu Mao <lmao@biostat.wisc.edu>’ No Authors@R field in DESCRIPTION. Please add one, modifying Authors@R: person(given = "Lu", family = "Mao", role = c("aut", "cre"), email = "lmao@biostat.wisc.edu") as necessary. Flavors: r-devel-linux-x86_64-debian-clang, r-devel-linux-x86_64-debian-gcc