CRAN Package Check Results for Package Weighted.Desc.Stat

Last updated on 2025-05-05 21:51:22 CEST.

Flavor Version Tinstall Tcheck Ttotal Status Flags
r-devel-linux-x86_64-debian-clang 1.0 1.75 17.89 19.64 NOTE
r-devel-linux-x86_64-debian-gcc 1.0 1.33 15.02 16.35 NOTE
r-devel-linux-x86_64-fedora-clang 1.0 31.22 OK
r-devel-linux-x86_64-fedora-gcc 1.0 29.65 OK
r-devel-windows-x86_64 1.0 2.00 39.00 41.00 OK
r-patched-linux-x86_64 1.0 1.85 17.72 19.57 OK
r-release-linux-x86_64 1.0 1.60 17.50 19.10 OK
r-release-macos-arm64 1.0 OK
r-release-macos-x86_64 1.0 40.00 OK
r-release-windows-x86_64 1.0 3.00 39.00 42.00 OK
r-oldrel-macos-arm64 1.0 16.00 OK
r-oldrel-macos-x86_64 1.0 25.00 OK
r-oldrel-windows-x86_64 1.0 4.00 37.00 41.00 OK

Check Details

Version: 1.0
Check: CRAN incoming feasibility
Result: NOTE Maintainer: ‘Abbas Parchami <parchami@uk.ac.ir>’ No Authors@R field in DESCRIPTION. Please add one, modifying Authors@R: person(given = "Abbas", family = "Parchami", role = c("aut", "cre"), email = "parchami@uk.ac.ir", comment = "Department of Statistics, Faculty of Mathematics and Computer, Shahid Bahonar University of Kerman, Kerman, Iran") as necessary. Flavors: r-devel-linux-x86_64-debian-clang, r-devel-linux-x86_64-debian-gcc