CRAN Package Check Results for Package WikidataQueryServiceR

Last updated on 2025-05-03 12:54:59 CEST.

Flavor Version Tinstall Tcheck Ttotal Status Flags
r-devel-linux-x86_64-debian-clang 1.0.0 1.57 23.80 25.37 OK
r-devel-linux-x86_64-debian-gcc 1.0.0 1.44 19.26 20.70 OK
r-devel-linux-x86_64-fedora-clang 1.0.0 37.68 OK
r-devel-linux-x86_64-fedora-gcc 1.0.0 35.98 OK
r-devel-windows-x86_64 1.0.0 3.00 46.00 49.00 OK
r-patched-linux-x86_64 1.0.0 1.96 21.63 23.59 OK
r-release-linux-x86_64 OK
r-release-macos-arm64 1.0.0 21.00 OK
r-release-macos-x86_64 1.0.0 35.00 OK
r-release-windows-x86_64 1.0.0 3.00 46.00 49.00 OK
r-oldrel-macos-arm64 1.0.0 21.00 NOTE
r-oldrel-macos-x86_64 1.0.0 29.00 NOTE
r-oldrel-windows-x86_64 1.0.0 4.00 50.00 54.00 NOTE

Additional issues

MKL

Check Details

Version: 1.0.0
Check: LazyData
Result: NOTE 'LazyData' is specified without a 'data' directory Flavors: r-oldrel-macos-arm64, r-oldrel-macos-x86_64, r-oldrel-windows-x86_64