Last updated on 2025-05-03 21:51:36 CEST.
Flavor | Version | Tinstall | Tcheck | Ttotal | Status | Flags |
---|---|---|---|---|---|---|
r-devel-linux-x86_64-debian-clang | 1.7.1 | 2.42 | 27.52 | 29.94 | NOTE | |
r-devel-linux-x86_64-debian-gcc | 1.7.1 | 1.67 | 22.61 | 24.28 | NOTE | |
r-devel-linux-x86_64-fedora-clang | 1.7.1 | 46.55 | OK | |||
r-devel-linux-x86_64-fedora-gcc | 1.7.1 | 59.16 | OK | |||
r-devel-windows-x86_64 | 1.7.1 | 4.00 | 52.00 | 56.00 | OK | |
r-patched-linux-x86_64 | 1.7.1 | 2.75 | 26.21 | 28.96 | OK | |
r-release-linux-x86_64 | OK | |||||
r-release-macos-arm64 | 1.7.1 | 30.00 | OK | |||
r-release-macos-x86_64 | 1.7.1 | 46.00 | OK | |||
r-release-windows-x86_64 | 1.7.1 | 4.00 | 51.00 | 55.00 | OK | |
r-oldrel-macos-arm64 | 1.7.1 | 25.00 | OK | |||
r-oldrel-macos-x86_64 | 1.7.1 | 34.00 | OK | |||
r-oldrel-windows-x86_64 | 1.7.1 | 4.00 | 60.00 | 64.00 | OK |
Version: 1.7.1
Check: CRAN incoming feasibility
Result: NOTE
Maintainer: ‘Os Keyes <ironholds@gmail.com>’
No Authors@R field in DESCRIPTION.
Please add one, modifying
Authors@R: c(person(given = "Os",
family = "Keyes",
role = c("aut", "cre"),
email = "ironholds@gmail.com"),
person(given = "Brock",
family = "Tilbert",
role = "ctb"),
person(given = "Clemens",
family = "Schmid",
role = "aut"))
as necessary.
Flavors: r-devel-linux-x86_64-debian-clang, r-devel-linux-x86_64-debian-gcc