Last updated on 2024-06-16 11:58:11 CEST.
Flavor | Version | Tinstall | Tcheck | Ttotal | Status | Flags |
---|---|---|---|---|---|---|
r-devel-linux-x86_64-debian-clang | 0.99.19.1 | 127.43 | 31.74 | 159.17 | NOTE | |
r-devel-linux-x86_64-debian-gcc | 0.99.19.1 | 78.54 | 24.16 | 102.70 | NOTE | |
r-devel-linux-x86_64-fedora-clang | 0.99.19.1 | 234.63 | NOTE | |||
r-devel-linux-x86_64-fedora-gcc | 0.99.19.1 | 224.92 | NOTE | |||
r-devel-windows-x86_64 | 0.99.19.1 | 84.00 | 61.00 | 145.00 | NOTE | |
r-patched-linux-x86_64 | 0.99.19.1 | 94.70 | 30.69 | 125.39 | NOTE | |
r-release-linux-x86_64 | 0.99.19.1 | 96.40 | 29.95 | 126.35 | NOTE | |
r-release-macos-arm64 | 0.99.19.1 | 40.00 | NOTE | |||
r-release-macos-x86_64 | 0.99.19.1 | 45.00 | NOTE | |||
r-release-windows-x86_64 | 0.99.19.1 | 88.00 | 75.00 | 163.00 | NOTE | |
r-oldrel-macos-arm64 | 0.99.19.1 | 45.00 | OK | |||
r-oldrel-macos-x86_64 | 0.99.19.1 | 80.00 | OK | |||
r-oldrel-windows-x86_64 | 0.99.19.1 | 89.00 | 88.00 | 177.00 | OK |
Version: 0.99.19.1
Check: Rd files
Result: NOTE
checkRd: (-1) xbrlSECdev01.Rd:20: Lost braces in \itemize; meant \describe ?
Flavors: r-devel-linux-x86_64-debian-clang, r-devel-linux-x86_64-debian-gcc, r-devel-linux-x86_64-fedora-clang, r-devel-linux-x86_64-fedora-gcc, r-devel-windows-x86_64, r-patched-linux-x86_64, r-release-linux-x86_64, r-release-macos-arm64, r-release-macos-x86_64, r-release-windows-x86_64