Last updated on 2025-05-06 03:51:20 CEST.
Flavor | Version | Tinstall | Tcheck | Ttotal | Status | Flags |
---|---|---|---|---|---|---|
r-devel-linux-x86_64-debian-clang | 0.8 | 5.68 | 31.65 | 37.33 | NOTE | |
r-devel-linux-x86_64-debian-gcc | 0.8 | 3.70 | 24.56 | 28.26 | NOTE | |
r-devel-linux-x86_64-fedora-clang | 0.8 | 59.97 | OK | |||
r-devel-linux-x86_64-fedora-gcc | 0.8 | 59.38 | OK | |||
r-devel-windows-x86_64 | 0.8 | 7.00 | 53.00 | 60.00 | OK | |
r-patched-linux-x86_64 | 0.8 | 5.55 | 30.89 | 36.44 | OK | |
r-release-linux-x86_64 | 0.8 | 5.14 | 30.84 | 35.98 | OK | |
r-release-macos-arm64 | 0.8 | 22.00 | OK | |||
r-release-macos-x86_64 | 0.8 | 37.00 | OK | |||
r-release-windows-x86_64 | 0.8 | 7.00 | 53.00 | 60.00 | OK | |
r-oldrel-macos-arm64 | 0.8 | 22.00 | OK | |||
r-oldrel-macos-x86_64 | 0.8 | 38.00 | OK | |||
r-oldrel-windows-x86_64 | 0.8 | 8.00 | 61.00 | 69.00 | OK |
Version: 0.8
Check: CRAN incoming feasibility
Result: NOTE
Maintainer: ‘John Chambers <jmc@r-project.org>’
No Authors@R field in DESCRIPTION.
Please add one, modifying
Authors@R: c(person(given = c("John", "M."),
family = "Chambers",
role = "aut"),
person(given = "John",
family = "Chambers",
role = "cre",
email = "jmc@r-project.org"))
as necessary.
Flavors: r-devel-linux-x86_64-debian-clang, r-devel-linux-x86_64-debian-gcc