Last updated on 2024-06-17 06:50:36 CEST.
Flavor | Version | Tinstall | Tcheck | Ttotal | Status | Flags |
---|---|---|---|---|---|---|
r-devel-linux-x86_64-debian-clang | 0.1.6 | 8.05 | 75.63 | 83.68 | NOTE | |
r-devel-linux-x86_64-debian-gcc | 0.1.6 | 5.79 | 55.89 | 61.68 | NOTE | |
r-devel-linux-x86_64-fedora-clang | 0.1.6 | 104.27 | NOTE | |||
r-devel-linux-x86_64-fedora-gcc | 0.1.6 | 97.86 | NOTE | |||
r-devel-windows-x86_64 | 0.1.6 | 8.00 | 94.00 | 102.00 | NOTE | |
r-patched-linux-x86_64 | 0.1.6 | 6.25 | 73.93 | 80.18 | NOTE | |
r-release-linux-x86_64 | 0.1.6 | 7.63 | 73.99 | 81.62 | NOTE | |
r-release-macos-arm64 | 0.1.6 | 42.00 | NOTE | |||
r-release-macos-x86_64 | 0.1.6 | 54.00 | NOTE | |||
r-release-windows-x86_64 | 0.1.6 | 8.00 | 94.00 | 102.00 | NOTE | |
r-oldrel-macos-arm64 | 0.1.6 | 35.00 | NOTE | |||
r-oldrel-macos-x86_64 | 0.1.6 | 54.00 | NOTE | |||
r-oldrel-windows-x86_64 | 0.1.6 | 10.00 | 111.00 | 121.00 | NOTE |
Version: 0.1.6
Check: LazyData
Result: NOTE
'LazyData' is specified without a 'data' directory
Flavors: r-devel-linux-x86_64-debian-clang, r-devel-linux-x86_64-debian-gcc, r-devel-linux-x86_64-fedora-clang, r-devel-linux-x86_64-fedora-gcc, r-devel-windows-x86_64, r-patched-linux-x86_64, r-release-linux-x86_64, r-release-macos-arm64, r-release-macos-x86_64, r-release-windows-x86_64, r-oldrel-macos-arm64, r-oldrel-macos-x86_64, r-oldrel-windows-x86_64