Last updated on 2025-05-06 06:50:12 CEST.
Flavor | Version | Tinstall | Tcheck | Ttotal | Status | Flags |
---|---|---|---|---|---|---|
r-devel-linux-x86_64-debian-clang | 0.2 | 8.01 | 59.63 | 67.64 | NOTE | |
r-devel-linux-x86_64-debian-gcc | 0.2 | 4.93 | 43.19 | 48.12 | NOTE | |
r-devel-linux-x86_64-fedora-clang | 0.2 | 93.41 | OK | |||
r-devel-linux-x86_64-fedora-gcc | 0.2 | 99.90 | OK | |||
r-devel-windows-x86_64 | 0.2 | 10.00 | 71.00 | 81.00 | OK | |
r-patched-linux-x86_64 | 0.2 | 6.90 | 56.67 | 63.57 | OK | |
r-release-linux-x86_64 | 0.2 | 7.67 | 56.39 | 64.06 | OK | |
r-release-macos-arm64 | 0.2 | 29.00 | OK | |||
r-release-macos-x86_64 | 0.2 | 63.00 | OK | |||
r-release-windows-x86_64 | 0.2 | 10.00 | 71.00 | 81.00 | OK | |
r-oldrel-macos-arm64 | 0.2 | 28.00 | OK | |||
r-oldrel-macos-x86_64 | 0.2 | 47.00 | OK | |||
r-oldrel-windows-x86_64 | 0.2 | 11.00 | 86.00 | 97.00 | OK |
Version: 0.2
Check: CRAN incoming feasibility
Result: NOTE
Maintainer: ‘David Beiner <zra.r.package@gmail.com>’
No Authors@R field in DESCRIPTION.
Please add one, modifying
Authors@R: person(given = "David",
family = "Beiner",
role = c("aut", "cre"),
email = "zra.r.package@gmail.com")
as necessary.
Flavors: r-devel-linux-x86_64-debian-clang, r-devel-linux-x86_64-debian-gcc