Last updated on 2025-10-06 03:49:35 CEST.
Flavor | Version | Tinstall | Tcheck | Ttotal | Status | Flags |
---|---|---|---|---|---|---|
r-devel-linux-x86_64-debian-clang | 0.4.0 | 384.61 | 38.70 | 423.31 | WARN | |
r-devel-linux-x86_64-debian-gcc | 0.5.0 | 251.91 | 29.74 | 281.65 | OK | |
r-devel-linux-x86_64-fedora-clang | 0.5.0 | 498.46 | OK | |||
r-devel-linux-x86_64-fedora-gcc | 0.4.0 | 938.62 | NOTE | |||
r-devel-windows-x86_64 | 0.4.0 | 438.00 | 94.00 | 532.00 | NOTE | |
r-patched-linux-x86_64 | 0.4.0 | 431.53 | 34.40 | 465.93 | NOTE | |
r-release-linux-x86_64 | 0.4.0 | 427.98 | 33.78 | 461.76 | NOTE | |
r-release-macos-arm64 | 0.4.0 | 181.00 | NOTE | |||
r-release-macos-x86_64 | 0.5.0 | 330.00 | OK | |||
r-release-windows-x86_64 | 0.5.0 | 287.00 | 114.00 | 401.00 | OK | |
r-oldrel-macos-arm64 | 0.4.0 | 185.00 | NOTE | |||
r-oldrel-macos-x86_64 | 0.5.0 | 319.00 | NOTE | |||
r-oldrel-windows-x86_64 | 0.5.0 | 217.00 | 127.00 | 344.00 | NOTE |
Version: 0.4.0
Check: whether package can be installed
Result: WARN
Found the following significant warnings:
/home/hornik/tmp/R.check/r-devel-clang/Work/build/Packages/RcppArmadillo/include/RcppArmadillo/version/arma.h:66:17: warning: Using fallback compilation with Armadillo 14.6.3. Please consider defining -DARMA_USE_CURRENT and also removing C++11 compilation directive. See GitHub issue #475 for more. [-W#pragma-messages]
See ‘/home/hornik/tmp/R.check/r-devel-clang/Work/PKGS/abclass.Rcheck/00install.out’ for details.
* used C++ compiler: ‘Debian clang version 19.1.7 (3+b2)’
Flavor: r-devel-linux-x86_64-debian-clang
Version: 0.4.0
Check: C++ specification
Result: NOTE
Specified C++11: please drop specification unless essential
Flavors: r-devel-linux-x86_64-debian-clang, r-devel-linux-x86_64-fedora-gcc, r-devel-windows-x86_64, r-patched-linux-x86_64, r-release-linux-x86_64, r-release-macos-arm64, r-oldrel-macos-arm64
Version: 0.4.0
Check: Rd files
Result: NOTE
checkRd: (-1) abclass.Rd:133: Lost braces; missing escapes or markup?
133 | \code{abclass.control()} returns an object of class {abclass.control}
| ^
checkRd: (-1) supclass.Rd:109: Lost braces; missing escapes or markup?
109 | to solve the equivalent linear programming problem via the package {Rglpk}.
| ^
checkRd: (-1) supclass.Rd:110: Lost braces; missing escapes or markup?
110 | It is recommended to use a recent version of {GLPK}.
| ^
Flavors: r-devel-linux-x86_64-debian-clang, r-devel-linux-x86_64-fedora-gcc, r-devel-windows-x86_64, r-patched-linux-x86_64, r-release-linux-x86_64, r-release-macos-arm64, r-oldrel-macos-arm64
Version: 0.4.0
Check: installed package size
Result: NOTE
installed size is 29.7Mb
sub-directories of 1Mb or more:
libs 29.2Mb
Flavor: r-oldrel-macos-arm64
Version: 0.5.0
Check: installed package size
Result: NOTE
installed size is 65.9Mb
sub-directories of 1Mb or more:
libs 65.3Mb
Flavors: r-oldrel-macos-x86_64, r-oldrel-windows-x86_64