Last updated on 2025-05-03 21:51:09 CEST.
Flavor | Version | Tinstall | Tcheck | Ttotal | Status | Flags |
---|---|---|---|---|---|---|
r-devel-linux-x86_64-debian-clang | 1.0.10 | 37.20 | 351.55 | 388.75 | NOTE | |
r-devel-linux-x86_64-debian-gcc | 1.0.10 | 28.41 | 228.86 | 257.27 | NOTE | |
r-devel-linux-x86_64-fedora-clang | 1.0.10 | 639.46 | NOTE | |||
r-devel-linux-x86_64-fedora-gcc | 1.0.10 | 583.15 | NOTE | |||
r-devel-windows-x86_64 | 1.0.10 | 38.00 | 275.00 | 313.00 | NOTE | |
r-patched-linux-x86_64 | 1.0.10 | 39.21 | 327.03 | 366.24 | NOTE | |
r-release-linux-x86_64 | NOTE | |||||
r-release-macos-arm64 | 1.0.10 | 150.00 | NOTE | |||
r-release-macos-x86_64 | 1.0.10 | 272.00 | NOTE | |||
r-release-windows-x86_64 | 1.0.10 | 40.00 | 274.00 | 314.00 | NOTE | |
r-oldrel-macos-arm64 | 1.0.10 | 139.00 | NOTE | |||
r-oldrel-macos-x86_64 | 1.0.10 | 207.00 | NOTE | |||
r-oldrel-windows-x86_64 | 1.0.10 | 55.00 | 379.00 | 434.00 | NOTE |
Version: 1.0.10
Check: Rd files
Result: NOTE
checkRd: (-1) get_ex_data.Rd:31-32: Lost braces in \itemize; meant \describe ?
checkRd: (-1) get_ex_data.Rd:33: Lost braces in \itemize; meant \describe ?
checkRd: (-1) get_ex_data.Rd:34-35: Lost braces in \itemize; meant \describe ?
checkRd: (-1) get_ex_data.Rd:36: Lost braces in \itemize; meant \describe ?
checkRd: (-1) tidy_results.Rd:28-29: Lost braces in \itemize; meant \describe ?
checkRd: (-1) tidy_results.Rd:30: Lost braces in \itemize; meant \describe ?
Flavors: r-devel-linux-x86_64-debian-clang, r-devel-linux-x86_64-debian-gcc, r-devel-linux-x86_64-fedora-clang, r-devel-linux-x86_64-fedora-gcc, r-devel-windows-x86_64, r-patched-linux-x86_64, r-release-linux-x86_64, r-release-macos-arm64, r-release-macos-x86_64, r-release-windows-x86_64, r-oldrel-macos-arm64, r-oldrel-macos-x86_64, r-oldrel-windows-x86_64