Last updated on 2025-05-07 12:50:16 CEST.
Flavor | Version | Tinstall | Tcheck | Ttotal | Status | Flags |
---|---|---|---|---|---|---|
r-devel-linux-x86_64-debian-clang | 0.1 | 1.56 | 19.42 | 20.98 | NOTE | |
r-devel-linux-x86_64-debian-gcc | 0.1 | 1.42 | 15.01 | 16.43 | NOTE | |
r-devel-linux-x86_64-fedora-clang | 0.1 | 32.19 | OK | |||
r-devel-linux-x86_64-fedora-gcc | 0.1 | 30.10 | OK | |||
r-devel-windows-x86_64 | 0.1 | 3.00 | 38.00 | 41.00 | OK | |
r-patched-linux-x86_64 | 0.1 | 1.47 | 17.79 | 19.26 | OK | |
r-release-linux-x86_64 | 0.1 | 1.58 | 17.60 | 19.18 | OK | |
r-release-macos-arm64 | 0.1 | 18.00 | OK | |||
r-release-macos-x86_64 | 0.1 | 25.00 | OK | |||
r-release-windows-x86_64 | 0.1 | 2.00 | 39.00 | 41.00 | OK | |
r-oldrel-macos-arm64 | 0.1 | 18.00 | NOTE | |||
r-oldrel-macos-x86_64 | 0.1 | 30.00 | NOTE | |||
r-oldrel-windows-x86_64 | 0.1 | 2.00 | 42.00 | 44.00 | NOTE |
Version: 0.1
Check: CRAN incoming feasibility
Result: NOTE
Maintainer: ‘Jose Jimenez <jose@jimenezluna.com>’
No Authors@R field in DESCRIPTION.
Please add one, modifying
Authors@R: person(given = "Jose",
family = "Jimenez",
role = c("aut", "cre"),
email = "jose@jimenezluna.com")
as necessary.
Flavors: r-devel-linux-x86_64-debian-clang, r-devel-linux-x86_64-debian-gcc
Version: 0.1
Check: LazyData
Result: NOTE
'LazyData' is specified without a 'data' directory
Flavors: r-oldrel-macos-arm64, r-oldrel-macos-x86_64, r-oldrel-windows-x86_64