CRAN Package Check Results for Package abstractr

Last updated on 2025-05-03 21:51:09 CEST.

Flavor Version Tinstall Tcheck Ttotal Status Flags
r-devel-linux-x86_64-debian-clang 0.1.0 6.35 60.33 66.68 NOTE
r-devel-linux-x86_64-debian-gcc 0.1.0 4.23 44.01 48.24 NOTE
r-devel-linux-x86_64-fedora-clang 0.1.0 96.68 OK
r-devel-linux-x86_64-fedora-gcc 0.1.0 115.79 OK
r-devel-windows-x86_64 0.1.0 8.00 79.00 87.00 OK
r-patched-linux-x86_64 0.1.0 5.99 56.34 62.33 OK
r-release-linux-x86_64 OK
r-release-macos-arm64 0.1.0 40.00 OK
r-release-macos-x86_64 0.1.0 67.00 OK
r-release-windows-x86_64 0.1.0 10.00 77.00 87.00 OK
r-oldrel-macos-arm64 0.1.0 36.00 NOTE
r-oldrel-macos-x86_64 0.1.0 59.00 NOTE
r-oldrel-windows-x86_64 0.1.0 10.00 99.00 109.00 NOTE

Check Details

Version: 0.1.0
Check: CRAN incoming feasibility
Result: NOTE Maintainer: ‘Matthew Kumar <mattkumar@gmail.com>’ No Authors@R field in DESCRIPTION. Please add one, modifying Authors@R: person(given = "Matthew", family = "Kumar", role = c("aut", "cre"), email = "mattkumar@gmail.com") as necessary. Flavors: r-devel-linux-x86_64-debian-clang, r-devel-linux-x86_64-debian-gcc

Version: 0.1.0
Check: LazyData
Result: NOTE 'LazyData' is specified without a 'data' directory Flavors: r-oldrel-macos-arm64, r-oldrel-macos-x86_64, r-oldrel-windows-x86_64