Last updated on 2025-05-03 21:51:09 CEST.
Flavor | Version | Tinstall | Tcheck | Ttotal | Status | Flags |
---|---|---|---|---|---|---|
r-devel-linux-x86_64-debian-clang | 1.3.3 | 41.78 | 77.21 | 118.99 | NOTE | |
r-devel-linux-x86_64-debian-gcc | 1.3.3 | 28.93 | 53.60 | 82.53 | NOTE | |
r-devel-linux-x86_64-fedora-clang | 1.3.3 | 222.12 | NOTE | |||
r-devel-linux-x86_64-fedora-gcc | 1.3.3 | 204.11 | NOTE | |||
r-devel-windows-x86_64 | 1.3.3 | 52.00 | 108.00 | 160.00 | OK | |
r-patched-linux-x86_64 | 1.3.3 | 42.69 | 72.37 | 115.06 | OK | |
r-release-linux-x86_64 | OK | |||||
r-release-macos-arm64 | 1.3.3 | 46.00 | OK | |||
r-release-macos-x86_64 | 1.3.3 | 81.00 | OK | |||
r-release-windows-x86_64 | 1.3.3 | 54.00 | 108.00 | 162.00 | OK | |
r-oldrel-macos-arm64 | 1.3.3 | 51.00 | OK | |||
r-oldrel-macos-x86_64 | 1.3.3 | 72.00 | OK | |||
r-oldrel-windows-x86_64 | 1.3.3 | 60.00 | 134.00 | 194.00 | OK |
Version: 1.3.3
Check: CRAN incoming feasibility
Result: NOTE
Maintainer: ‘Jaejoon Song <jjsong2@mdanderson.org>’
No Authors@R field in DESCRIPTION.
Please add one, modifying
Authors@R: c(person(given = "Jaejoon",
family = "Song",
role = c("aut", "cre"),
email = "jjsong2@mdanderson.org"),
person(given = c("Matthew", "G."),
family = "Cox",
role = "aut"))
as necessary.
Flavors: r-devel-linux-x86_64-debian-clang, r-devel-linux-x86_64-debian-gcc
Version: 1.3.3
Check: compiled code
Result: NOTE
File ‘acc/libs/acc.so’:
Found no calls to: ‘R_registerRoutines’, ‘R_useDynamicSymbols’
It is good practice to register native routines and to disable symbol
search.
See ‘Writing portable packages’ in the ‘Writing R Extensions’ manual.
Flavors: r-devel-linux-x86_64-fedora-clang, r-devel-linux-x86_64-fedora-gcc