CRAN Package Check Results for Package acfMPeriod

Last updated on 2025-05-06 03:50:56 CEST.

Flavor Version Tinstall Tcheck Ttotal Status Flags
r-devel-linux-x86_64-debian-clang 1.0.0 2.20 24.32 26.52 NOTE
r-devel-linux-x86_64-debian-gcc 1.0.0 1.70 18.54 20.24 NOTE
r-devel-linux-x86_64-fedora-clang 1.0.0 41.05 OK
r-devel-linux-x86_64-fedora-gcc 1.0.0 39.57 OK
r-devel-windows-x86_64 1.0.0 3.00 44.00 47.00 OK
r-patched-linux-x86_64 1.0.0 2.08 23.08 25.16 OK
r-release-linux-x86_64 1.0.0 1.65 23.36 25.01 OK
r-release-macos-arm64 1.0.0 19.00 OK
r-release-macos-x86_64 1.0.0 28.00 OK
r-release-windows-x86_64 1.0.0 3.00 45.00 48.00 OK
r-oldrel-macos-arm64 1.0.0 22.00 NOTE
r-oldrel-macos-x86_64 1.0.0 24.00 NOTE
r-oldrel-windows-x86_64 1.0.0 3.00 49.00 52.00 NOTE

Check Details

Version: 1.0.0
Check: CRAN incoming feasibility
Result: NOTE Maintainer: ‘Higor Cotta <cotta.higor@gmail.com>’ No Authors@R field in DESCRIPTION. Please add one, modifying Authors@R: c(person(given = "Higor", family = "Cotta", role = c("aut", "cre"), email = "cotta.higor@gmail.com"), person(given = "Valderio", family = "Reisen", role = "aut"), person(given = "Pascal", family = "Bondon", role = "aut"), person(given = "Céline", family = "Lévy-Leduc", role = "aut")) as necessary. Flavors: r-devel-linux-x86_64-debian-clang, r-devel-linux-x86_64-debian-gcc

Version: 1.0.0
Check: LazyData
Result: NOTE 'LazyData' is specified without a 'data' directory Flavors: r-oldrel-macos-arm64, r-oldrel-macos-x86_64, r-oldrel-windows-x86_64