Last updated on 2025-05-03 21:51:09 CEST.
Flavor | Version | Tinstall | Tcheck | Ttotal | Status | Flags |
---|---|---|---|---|---|---|
r-devel-linux-x86_64-debian-clang | 1.1.1 | 3.27 | 36.66 | 39.93 | NOTE | |
r-devel-linux-x86_64-debian-gcc | 1.1.1 | 2.33 | 26.03 | 28.36 | NOTE | |
r-devel-linux-x86_64-fedora-clang | 1.1.1 | 59.08 | OK | |||
r-devel-linux-x86_64-fedora-gcc | 1.1.1 | 56.25 | OK | |||
r-devel-windows-x86_64 | 1.1.1 | 6.00 | 52.00 | 58.00 | OK | |
r-patched-linux-x86_64 | 1.1.1 | 3.03 | 33.09 | 36.12 | OK | |
r-release-linux-x86_64 | OK | |||||
r-release-macos-arm64 | 1.1.1 | 22.00 | OK | |||
r-release-macos-x86_64 | 1.1.1 | 41.00 | OK | |||
r-release-windows-x86_64 | 1.1.1 | 5.00 | 52.00 | 57.00 | OK | |
r-oldrel-macos-arm64 | 1.1.1 | 21.00 | OK | |||
r-oldrel-macos-x86_64 | 1.1.1 | 45.00 | OK | |||
r-oldrel-windows-x86_64 | 1.1.1 | 7.00 | 62.00 | 69.00 | OK |
Version: 1.1.1
Check: CRAN incoming feasibility
Result: NOTE
Maintainer: ‘Jairo Hidalgo Migueles <jairo.hidalgo.migueles@gmail.com>’
No Authors@R field in DESCRIPTION.
Please add one, modifying
Authors@R: person(given = c("Jairo", "Hidalgo"),
family = "Migueles",
role = c("aut", "cre"),
email = "jairo.hidalgo.migueles@gmail.com")
as necessary.
Flavors: r-devel-linux-x86_64-debian-clang, r-devel-linux-x86_64-debian-gcc