Last updated on 2024-06-16 11:57:51 CEST.
Flavor | Version | Tinstall | Tcheck | Ttotal | Status | Flags |
---|---|---|---|---|---|---|
r-devel-linux-x86_64-debian-clang | 0.12.0 | 62.09 | 24.28 | 86.37 | OK | |
r-devel-linux-x86_64-debian-gcc | 0.12.0 | 49.35 | 18.81 | 68.16 | OK | |
r-devel-linux-x86_64-fedora-clang | 0.12.0 | 111.12 | OK | |||
r-devel-linux-x86_64-fedora-gcc | 0.12.0 | 114.60 | OK | |||
r-devel-windows-x86_64 | 0.12.0 | 62.00 | 68.00 | 130.00 | OK | |
r-patched-linux-x86_64 | 0.12.0 | 64.86 | 23.52 | 88.38 | OK | |
r-release-linux-x86_64 | 0.12.0 | 65.19 | 23.47 | 88.66 | OK | |
r-release-macos-arm64 | 0.12.0 | 37.00 | NOTE | |||
r-release-macos-x86_64 | 0.12.0 | 74.00 | NOTE | |||
r-release-windows-x86_64 | 0.12.0 | 63.00 | 72.00 | 135.00 | OK | |
r-oldrel-macos-arm64 | 0.12.0 | 565.00 | NOTE | |||
r-oldrel-macos-x86_64 | 0.12.0 | 516.00 | NOTE | |||
r-oldrel-windows-x86_64 | 0.12.0 | 73.00 | 78.00 | 151.00 | OK |
Version: 0.12.0
Check: installed package size
Result: NOTE
installed size is 13.6Mb
sub-directories of 1Mb or more:
libs 13.5Mb
Flavors: r-release-macos-arm64, r-release-macos-x86_64, r-oldrel-macos-arm64, r-oldrel-macos-x86_64