Last updated on 2024-06-16 11:57:51 CEST.
Flavor | Version | Tinstall | Tcheck | Ttotal | Status | Flags |
---|---|---|---|---|---|---|
r-devel-linux-x86_64-debian-clang | 1.1 | 82.26 | 35.18 | 117.44 | OK | |
r-devel-linux-x86_64-debian-gcc | 1.1 | 60.29 | 28.94 | 89.23 | OK | |
r-devel-linux-x86_64-fedora-clang | 1.1 | 160.00 | NOTE | |||
r-devel-linux-x86_64-fedora-gcc | 1.1 | 157.95 | OK | |||
r-devel-windows-x86_64 | 1.1 | 73.00 | 48.00 | 121.00 | NOTE | |
r-patched-linux-x86_64 | 1.1 | 78.06 | 34.26 | 112.32 | OK | |
r-release-linux-x86_64 | 1.1 | 77.68 | 34.80 | 112.48 | OK | |
r-release-macos-arm64 | 1.1 | 71.00 | NOTE | |||
r-release-macos-x86_64 | 1.1 | 91.00 | NOTE | |||
r-release-windows-x86_64 | 1.1 | 72.00 | 50.00 | 122.00 | NOTE | |
r-oldrel-macos-arm64 | 1.1 | 81.00 | NOTE | |||
r-oldrel-macos-x86_64 | 1.1 | 106.00 | NOTE | |||
r-oldrel-windows-x86_64 | 1.1 | 68.00 | 52.00 | 120.00 | NOTE |
Version: 1.1
Check: installed package size
Result: NOTE
installed size is 9.5Mb
sub-directories of 1Mb or more:
data 9.3Mb
Flavors: r-devel-linux-x86_64-fedora-clang, r-devel-windows-x86_64, r-release-macos-arm64, r-release-macos-x86_64, r-release-windows-x86_64, r-oldrel-macos-arm64, r-oldrel-macos-x86_64, r-oldrel-windows-x86_64