Last updated on 2025-05-03 21:51:09 CEST.
Flavor | Version | Tinstall | Tcheck | Ttotal | Status | Flags |
---|---|---|---|---|---|---|
r-devel-linux-x86_64-debian-clang | 0.3 | 4.91 | 58.10 | 63.01 | NOTE | |
r-devel-linux-x86_64-debian-gcc | 0.3 | 3.86 | 42.68 | 46.54 | NOTE | |
r-devel-linux-x86_64-fedora-clang | 0.3 | 88.16 | OK | |||
r-devel-linux-x86_64-fedora-gcc | 0.3 | 98.80 | OK | |||
r-devel-windows-x86_64 | 0.3 | 7.00 | 80.00 | 87.00 | OK | |
r-patched-linux-x86_64 | 0.3 | 5.04 | 54.39 | 59.43 | OK | |
r-release-linux-x86_64 | OK | |||||
r-release-macos-arm64 | 0.3 | 31.00 | OK | |||
r-release-macos-x86_64 | 0.3 | 84.00 | OK | |||
r-release-windows-x86_64 | 0.3 | 8.00 | 81.00 | 89.00 | OK | |
r-oldrel-macos-arm64 | 0.3 | 31.00 | OK | |||
r-oldrel-macos-x86_64 | 0.3 | 45.00 | OK | |||
r-oldrel-windows-x86_64 | 0.3 | 8.00 | 93.00 | 101.00 | OK |
Version: 0.3
Check: CRAN incoming feasibility
Result: NOTE
Maintainer: ‘E. F. Haghish <haghish@uio.no>’
No Authors@R field in DESCRIPTION.
Please add one, modifying
Authors@R: person(given = c("E.", "F."),
family = "Haghish",
role = c("aut", "cre"),
email = "haghish@uio.no")
as necessary.
Flavors: r-devel-linux-x86_64-debian-clang, r-devel-linux-x86_64-debian-gcc