Last updated on 2024-06-17 06:50:10 CEST.
Flavor | Version | Tinstall | Tcheck | Ttotal | Status | Flags |
---|---|---|---|---|---|---|
r-devel-linux-x86_64-debian-clang | 1.0.0 | 7.41 | 239.67 | 247.08 | ERROR | |
r-devel-linux-x86_64-debian-gcc | 1.0.0 | 5.85 | 171.31 | 177.16 | ERROR | |
r-devel-linux-x86_64-fedora-clang | 1.0.0 | 316.76 | ERROR | |||
r-devel-linux-x86_64-fedora-gcc | 1.0.0 | 313.89 | ERROR | |||
r-devel-windows-x86_64 | 1.0.0 | 8.00 | 176.00 | 184.00 | ERROR | |
r-patched-linux-x86_64 | 1.0.0 | 8.64 | 225.07 | 233.71 | ERROR | |
r-release-linux-x86_64 | 1.0.0 | 5.95 | 225.83 | 231.78 | ERROR | |
r-release-macos-arm64 | 1.0.0 | 75.00 | OK | |||
r-release-macos-x86_64 | 1.0.0 | 115.00 | OK | |||
r-release-windows-x86_64 | 1.0.0 | 8.00 | 141.00 | 149.00 | OK | |
r-oldrel-macos-arm64 | 1.0.0 | 104.00 | OK | |||
r-oldrel-macos-x86_64 | 1.0.0 | 152.00 | OK | |||
r-oldrel-windows-x86_64 | 1.0.0 | 12.00 | 225.00 | 237.00 | ERROR |
Version: 1.0.0
Check: re-building of vignette outputs
Result: ERROR
Error(s) in re-building vignettes:
...
--- re-building ‘admiralonco.Rmd’ using rmarkdown
--- finished re-building ‘admiralonco.Rmd’
--- re-building ‘adrs.Rmd’ using rmarkdown
--- finished re-building ‘adrs.Rmd’
--- re-building ‘adrs_basic.Rmd’ using rmarkdown
--- finished re-building ‘adrs_basic.Rmd’
--- re-building ‘adtr.Rmd’ using rmarkdown
--- finished re-building ‘adtr.Rmd’
--- re-building ‘adtte.Rmd’ using rmarkdown
--- finished re-building ‘adtte.Rmd’
--- re-building ‘irecist.Rmd’ using rmarkdown
Quitting from lines 547-568 [unnamed-chunk-24] (irecist.Rmd)
Error: processing vignette 'irecist.Rmd' failed with diagnostics:
Argument `cnd_type` must be equal to one of "message", "warning", or
"error".
--- failed re-building ‘irecist.Rmd’
--- re-building ‘nactdt.Rmd’ using rmarkdown
--- finished re-building ‘nactdt.Rmd’
SUMMARY: processing the following file failed:
‘irecist.Rmd’
Error: Vignette re-building failed.
Execution halted
Flavors: r-devel-linux-x86_64-debian-clang, r-devel-linux-x86_64-debian-gcc, r-patched-linux-x86_64, r-release-linux-x86_64
Version: 1.0.0
Check: re-building of vignette outputs
Result: ERROR
Error(s) in re-building vignettes:
--- re-building ‘admiralonco.Rmd’ using rmarkdown
--- finished re-building ‘admiralonco.Rmd’
--- re-building ‘adrs.Rmd’ using rmarkdown
--- finished re-building ‘adrs.Rmd’
--- re-building ‘adrs_basic.Rmd’ using rmarkdown
--- finished re-building ‘adrs_basic.Rmd’
--- re-building ‘adtr.Rmd’ using rmarkdown
--- finished re-building ‘adtr.Rmd’
--- re-building ‘adtte.Rmd’ using rmarkdown
--- finished re-building ‘adtte.Rmd’
--- re-building ‘irecist.Rmd’ using rmarkdown
Quitting from lines 547-568 [unnamed-chunk-24] (irecist.Rmd)
Error: processing vignette 'irecist.Rmd' failed with diagnostics:
Argument `cnd_type` must be equal to one of "message", "warning", or
"error".
--- failed re-building ‘irecist.Rmd’
--- re-building ‘nactdt.Rmd’ using rmarkdown
--- finished re-building ‘nactdt.Rmd’
SUMMARY: processing the following file failed:
‘irecist.Rmd’
Error: Vignette re-building failed.
Execution halted
Flavors: r-devel-linux-x86_64-fedora-clang, r-devel-linux-x86_64-fedora-gcc, r-devel-windows-x86_64, r-oldrel-windows-x86_64