CRAN Package Check Results for Package adsDataHubR

Last updated on 2025-05-03 21:51:09 CEST.

Flavor Version Tinstall Tcheck Ttotal Status Flags
r-devel-linux-x86_64-debian-clang 0.1.1 2.08 25.84 27.92 NOTE
r-devel-linux-x86_64-debian-gcc 0.1.1 1.75 20.43 22.18 NOTE
r-devel-linux-x86_64-fedora-clang 0.1.1 44.13 OK
r-devel-linux-x86_64-fedora-gcc 0.1.1 42.31 OK
r-devel-windows-x86_64 0.1.1 4.00 55.00 59.00 OK
r-patched-linux-x86_64 0.1.1 2.73 24.83 27.56 OK
r-release-linux-x86_64 OK
r-release-macos-arm64 0.1.1 22.00 OK
r-release-macos-x86_64 0.1.1 31.00 OK
r-release-windows-x86_64 0.1.1 4.00 45.00 49.00 OK
r-oldrel-macos-arm64 0.1.1 18.00 NOTE
r-oldrel-macos-x86_64 0.1.1 31.00 NOTE
r-oldrel-windows-x86_64 0.1.1 4.00 50.00 54.00 NOTE

Check Details

Version: 0.1.1
Check: CRAN incoming feasibility
Result: NOTE Maintainer: ‘Pankaj Bhatlawande <pbhatlawande@merkleinc.com>’ No Authors@R field in DESCRIPTION. Please add one, modifying Authors@R: person(given = "Pankaj", family = "Bhatlawande", role = c("aut", "cre"), email = "pbhatlawande@merkleinc.com") as necessary. Flavors: r-devel-linux-x86_64-debian-clang, r-devel-linux-x86_64-debian-gcc

Version: 0.1.1
Check: LazyData
Result: NOTE 'LazyData' is specified without a 'data' directory Flavors: r-oldrel-macos-arm64, r-oldrel-macos-x86_64, r-oldrel-windows-x86_64