Last updated on 2025-05-03 21:51:09 CEST.
Flavor | Version | Tinstall | Tcheck | Ttotal | Status | Flags |
---|---|---|---|---|---|---|
r-devel-linux-x86_64-debian-clang | 1.3.3 | 7.48 | 75.87 | 83.35 | OK | |
r-devel-linux-x86_64-debian-gcc | 1.3.3 | 6.39 | 43.62 | 50.01 | ERROR | |
r-devel-linux-x86_64-fedora-clang | 1.3.3 | 109.87 | ERROR | |||
r-devel-linux-x86_64-fedora-gcc | 1.3.3 | 122.19 | ERROR | |||
r-devel-windows-x86_64 | 1.3.3 | 10.00 | 88.00 | 98.00 | OK | |
r-patched-linux-x86_64 | 1.3.3 | 7.07 | 71.94 | 79.01 | OK | |
r-release-linux-x86_64 | OK | |||||
r-release-macos-arm64 | 1.3.3 | 49.00 | OK | |||
r-release-macos-x86_64 | 1.3.3 | 86.00 | OK | |||
r-release-windows-x86_64 | 1.3.3 | 12.00 | 71.00 | 83.00 | ERROR | |
r-oldrel-macos-arm64 | 1.3.3 | 53.00 | OK | |||
r-oldrel-macos-x86_64 | 1.3.3 | 68.00 | OK | |||
r-oldrel-windows-x86_64 | 1.3.3 | 13.00 | 109.00 | 122.00 | OK |
Version: 1.3.3
Check: examples
Result: ERROR
Running examples in ‘aides-Ex.R’ failed
The error most likely occurred in:
> base::assign(".ptime", proc.time(), pos = "CheckExEnv")
> ### Name: DoOSA
> ### Title: Observed sequential analysis.
> ### Aliases: DoOSA
>
> ### ** Examples
>
> ## Not run:
> # 1. Import a dataset of study by Fleiss (1993)
> library(meta)
Loading required package: metadat
Loading 'meta' package (version 8.1-0).
Type 'help(meta)' for a brief overview.
> data("Fleiss1993bin")
>
> # 2. Perform observed sequential analysis
> output <- DoOSA(Fleiss1993bin, study, year,
+ r1 = d.asp, n1 = n.asp,
+ r2 = d.plac, n2 = n.plac,
+ measure = "RR",
+ group = c("Aspirin", "Control"))
Error in if (lgcMAAdj) { : the condition has length > 1
Calls: DoOSA
Execution halted
Flavor: r-devel-linux-x86_64-debian-gcc
Version: 1.3.3
Check: re-building of vignette outputs
Result: ERROR
Error(s) in re-building vignettes:
...
--- re-building ‘An_overview_on_pakcage_aides.Rmd’ using rmarkdown
** Processing: /home/hornik/tmp/R.check/r-devel-gcc/Work/PKGS/aides.Rcheck/vign_test/aides/vignettes/An_overview_on_pakcage_aides_files/figure-html/plot-distrSS-1.png
768x480 pixels, 3x8 bits/pixel, RGB
Input IDAT size = 26620 bytes
Input file size = 26734 bytes
Trying:
zc = 9 zm = 8 zs = 0 f = 0 IDAT size = 21092
zc = 9 zm = 8 zs = 1 f = 0
zc = 1 zm = 8 zs = 2 f = 0
zc = 9 zm = 8 zs = 3 f = 0
zc = 9 zm = 8 zs = 0 f = 5
zc = 9 zm = 8 zs = 1 f = 5
zc = 1 zm = 8 zs = 2 f = 5
zc = 9 zm = 8 zs = 3 f = 5
Selecting parameters:
zc = 9 zm = 8 zs = 0 f = 0 IDAT size = 21092
Output IDAT size = 21092 bytes (5528 bytes decrease)
Output file size = 21170 bytes (5564 bytes = 20.81% decrease)
** Processing: /home/hornik/tmp/R.check/r-devel-gcc/Work/PKGS/aides.Rcheck/vign_test/aides/vignettes/An_overview_on_pakcage_aides_files/figure-html/plot-disparity-outlier-1.png
768x384 pixels, 3x8 bits/pixel, RGB
Input IDAT size = 60976 bytes
Input file size = 61138 bytes
Trying:
zc = 9 zm = 8 zs = 0 f = 0 IDAT size = 42322
zc = 9 zm = 8 zs = 1 f = 0
zc = 1 zm = 8 zs = 2 f = 0
zc = 9 zm = 8 zs = 3 f = 0
zc = 9 zm = 8 zs = 0 f = 5
zc = 9 zm = 8 zs = 1 f = 5
zc = 1 zm = 8 zs = 2 f = 5
zc = 9 zm = 8 zs = 3 f = 5
Selecting parameters:
zc = 9 zm = 8 zs = 0 f = 0 IDAT size = 42322
Output IDAT size = 42322 bytes (18654 bytes decrease)
Output file size = 42400 bytes (18738 bytes = 30.65% decrease)
** Processing: /home/hornik/tmp/R.check/r-devel-gcc/Work/PKGS/aides.Rcheck/vign_test/aides/vignettes/An_overview_on_pakcage_aides_files/figure-html/plot-disparity-variability-MAD-1.png
768x576 pixels, 3x8 bits/pixel, RGB
Input IDAT size = 53739 bytes
Input file size = 53889 bytes
Trying:
zc = 9 zm = 8 zs = 0 f = 0 IDAT size = 42833
zc = 9 zm = 8 zs = 1 f = 0
zc = 1 zm = 8 zs = 2 f = 0
zc = 9 zm = 8 zs = 3 f = 0
zc = 9 zm = 8 zs = 0 f = 5
zc = 9 zm = 8 zs = 1 f = 5
zc = 1 zm = 8 zs = 2 f = 5
zc = 9 zm = 8 zs = 3 f = 5
Selecting parameters:
zc = 9 zm = 8 zs = 0 f = 0 IDAT size = 42833
Output IDAT size = 42833 bytes (10906 bytes decrease)
Output file size = 42911 bytes (10978 bytes = 20.37% decrease)
** Processing: /home/hornik/tmp/R.check/r-devel-gcc/Work/PKGS/aides.Rcheck/vign_test/aides/vignettes/An_overview_on_pakcage_aides_files/figure-html/plot-discordance-1.png
1152x576 pixels, 3x8 bits/pixel, RGB
Input IDAT size = 44668 bytes
Input file size = 44806 bytes
Trying:
zc = 9 zm = 8 zs = 0 f = 0 IDAT size = 37699
zc = 9 zm = 8 zs = 1 f = 0
zc = 1 zm = 8 zs = 2 f = 0
zc = 9 zm = 8 zs = 3 f = 0
zc = 9 zm = 8 zs = 0 f = 5
zc = 9 zm = 8 zs = 1 f = 5
zc = 1 zm = 8 zs = 2 f = 5
zc = 9 zm = 8 zs = 3 f = 5
Selecting parameters:
zc = 9 zm = 8 zs = 0 f = 0 IDAT size = 37699
Output IDAT size = 37699 bytes (6969 bytes decrease)
Output file size = 37777 bytes (7029 bytes = 15.69% decrease)
Quitting from An_overview_on_pakcage_aides.Rmd:530-544 [result-DoSA]
~~~~~~~~~~~~~~~~~~~~~~~~~~~~~~~~~~~~~~~~~~~~~~~~~~~~~~~~~~~~~~~~~~~~~~~~~~~~~~~~
<error/rlang_error>
Error in `if (lgcMAAdj) ...`:
! the condition has length > 1
---
Backtrace:
▆
1. └─aides::DoSA(...)
~~~~~~~~~~~~~~~~~~~~~~~~~~~~~~~~~~~~~~~~~~~~~~~~~~~~~~~~~~~~~~~~~~~~~~~~~~~~~~~~
Error: processing vignette 'An_overview_on_pakcage_aides.Rmd' failed with diagnostics:
the condition has length > 1
--- failed re-building ‘An_overview_on_pakcage_aides.Rmd’
SUMMARY: processing the following file failed:
‘An_overview_on_pakcage_aides.Rmd’
Error: Vignette re-building failed.
Execution halted
Flavor: r-devel-linux-x86_64-debian-gcc
Version: 1.3.3
Check: examples
Result: ERROR
Running examples in ‘aides-Ex.R’ failed
The error most likely occurred in:
> ### Name: DoOSA
> ### Title: Observed sequential analysis.
> ### Aliases: DoOSA
>
> ### ** Examples
>
> ## Not run:
> # 1. Import a dataset of study by Fleiss (1993)
> library(meta)
Loading required package: metadat
Loading 'meta' package (version 8.1-0).
Type 'help(meta)' for a brief overview.
> data("Fleiss1993bin")
>
> # 2. Perform observed sequential analysis
> output <- DoOSA(Fleiss1993bin, study, year,
+ r1 = d.asp, n1 = n.asp,
+ r2 = d.plac, n2 = n.plac,
+ measure = "RR",
+ group = c("Aspirin", "Control"))
Error in if (lgcMAAdj) { : the condition has length > 1
Calls: DoOSA
Execution halted
Flavors: r-devel-linux-x86_64-fedora-clang, r-devel-linux-x86_64-fedora-gcc, r-release-windows-x86_64
Version: 1.3.3
Check: re-building of vignette outputs
Result: ERROR
Error(s) in re-building vignettes:
--- re-building ‘An_overview_on_pakcage_aides.Rmd’ using rmarkdown
Quitting from An_overview_on_pakcage_aides.Rmd:530-544 [result-DoSA]
~~~~~~~~~~~~~~~~~~~~~~~~~~~~~~~~~~~~~~~~~~~~~~~~~~~~~~~~~~~~~~~~~~~~~~~~~~~~~~~~
<error/rlang_error>
Error in `if (lgcMAAdj) ...`:
! the condition has length > 1
---
Backtrace:
▆
1. └─aides::DoSA(...)
~~~~~~~~~~~~~~~~~~~~~~~~~~~~~~~~~~~~~~~~~~~~~~~~~~~~~~~~~~~~~~~~~~~~~~~~~~~~~~~~
Error: processing vignette 'An_overview_on_pakcage_aides.Rmd' failed with diagnostics:
the condition has length > 1
--- failed re-building ‘An_overview_on_pakcage_aides.Rmd’
SUMMARY: processing the following file failed:
‘An_overview_on_pakcage_aides.Rmd’
Error: Vignette re-building failed.
Execution halted
Flavors: r-devel-linux-x86_64-fedora-clang, r-devel-linux-x86_64-fedora-gcc, r-release-windows-x86_64