CRAN Package Check Results for Package aimPlot

Last updated on 2025-05-03 12:54:34 CEST.

Flavor Version Tinstall Tcheck Ttotal Status Flags
r-devel-linux-x86_64-debian-clang 1.0.0 1.79 20.62 22.41 NOTE
r-devel-linux-x86_64-debian-gcc 1.0.0 1.40 16.76 18.16 NOTE
r-devel-linux-x86_64-fedora-clang 1.0.0 33.90 NOTE
r-devel-linux-x86_64-fedora-gcc 1.0.0 34.12 NOTE
r-devel-windows-x86_64 1.0.0 3.00 41.00 44.00 NOTE
r-patched-linux-x86_64 1.0.0 1.66 19.61 21.27 NOTE
r-release-linux-x86_64 NOTE
r-release-macos-arm64 1.0.0 18.00 NOTE
r-release-macos-x86_64 1.0.0 25.00 NOTE
r-release-windows-x86_64 1.0.0 4.00 41.00 45.00 NOTE
r-oldrel-macos-arm64 1.0.0 16.00 NOTE
r-oldrel-macos-x86_64 1.0.0 22.00 NOTE
r-oldrel-windows-x86_64 1.0.0 4.00 47.00 51.00 NOTE

Check Details

Version: 1.0.0
Check: Rd files
Result: NOTE checkRd: (-1) aimPlot.Rd:39: Lost braces; missing escapes or markup? 39 | \item \code{Variable} {1st column: The various aims to be completed} | ^ checkRd: (-1) aimPlot.Rd:40: Lost braces; missing escapes or markup? 40 | \item \code{Percentage} {2nd column: The percentage of completeness} | ^ Flavors: r-devel-linux-x86_64-debian-clang, r-devel-linux-x86_64-debian-gcc, r-devel-linux-x86_64-fedora-clang, r-devel-linux-x86_64-fedora-gcc, r-devel-windows-x86_64, r-patched-linux-x86_64, r-release-linux-x86_64, r-release-macos-arm64, r-release-macos-x86_64, r-release-windows-x86_64, r-oldrel-macos-arm64, r-oldrel-macos-x86_64, r-oldrel-windows-x86_64