Last updated on 2025-05-03 21:51:09 CEST.
Flavor | Version | Tinstall | Tcheck | Ttotal | Status | Flags |
---|---|---|---|---|---|---|
r-devel-linux-x86_64-debian-clang | 0.8.0 | 658.30 | 113.28 | 771.58 | OK | |
r-devel-linux-x86_64-debian-gcc | 0.8.0 | 619.31 | 87.44 | 706.75 | OK | |
r-devel-linux-x86_64-fedora-clang | 0.8.0 | 1079.92 | OK | |||
r-devel-linux-x86_64-fedora-gcc | 0.8.0 | 1426.30 | WARN | |||
r-devel-windows-x86_64 | 0.8.0 | 900.00 | 165.00 | 1065.00 | OK | |
r-patched-linux-x86_64 | 0.8.0 | 825.56 | 109.54 | 935.10 | OK | |
r-release-linux-x86_64 | OK | |||||
r-release-macos-arm64 | 0.8.0 | 394.00 | OK | |||
r-release-macos-x86_64 | 0.8.0 | 773.00 | OK | |||
r-release-windows-x86_64 | 0.8.0 | 907.00 | 169.00 | 1076.00 | OK | |
r-oldrel-macos-arm64 | 0.8.0 | 315.00 | NOTE | |||
r-oldrel-macos-x86_64 | 0.8.0 | 620.00 | NOTE | |||
r-oldrel-windows-x86_64 | 0.8.0 | 1061.00 | 216.00 | 1277.00 | OK |
Version: 0.8.0
Check: whether package can be installed
Result: WARN
Found the following significant warnings:
process_isovist.cpp:158:50: warning: array subscript -1 is outside array bounds of 'Point2f [576460752303423487]' [-Warray-bounds=]
See ‘/data/gannet/ripley/R/packages/tests-devel/alcyon.Rcheck/00install.out’ for details.
* used C compiler: ‘gcc-15 (GCC) 15.1.0’
* used C++ compiler: ‘g++-15 (GCC) 15.1.0’
Flavor: r-devel-linux-x86_64-fedora-gcc
Version: 0.8.0
Check: installed package size
Result: NOTE
installed size is 38.0Mb
sub-directories of 1Mb or more:
libs 36.8Mb
Flavors: r-oldrel-macos-arm64, r-oldrel-macos-x86_64