Last updated on 2025-07-26 21:49:46 CEST.
Flavor | Version | Tinstall | Tcheck | Ttotal | Status | Flags |
---|---|---|---|---|---|---|
r-devel-linux-x86_64-debian-clang | 2.0.4 | 3.23 | 32.29 | 35.52 | OK | |
r-devel-linux-x86_64-debian-gcc | 2.0.4 | 2.16 | 22.51 | 24.67 | ERROR | |
r-devel-linux-x86_64-fedora-clang | 2.0.4 | 56.07 | OK | |||
r-devel-linux-x86_64-fedora-gcc | 2.0.4 | 54.55 | OK | |||
r-devel-windows-x86_64 | 2.0.4 | 7.00 | 62.00 | 69.00 | OK | |
r-patched-linux-x86_64 | 2.0.4 | 3.82 | 30.11 | 33.93 | OK | |
r-release-linux-x86_64 | 2.0.4 | 3.13 | 29.91 | 33.04 | OK | |
r-release-macos-arm64 | 2.0.4 | 28.00 | OK | |||
r-release-macos-x86_64 | 2.0.4 | 61.00 | OK | |||
r-release-windows-x86_64 | 2.0.4 | 7.00 | 54.00 | 61.00 | ERROR | |
r-oldrel-macos-arm64 | 2.0.4 | 50.00 | OK | |||
r-oldrel-macos-x86_64 | 2.0.4 | 49.00 | OK | |||
r-oldrel-windows-x86_64 | 2.0.4 | 6.00 | 70.00 | 76.00 | OK |
Version: 2.0.4
Check: examples
Result: ERROR
Running examples in ‘algaeClassify-Ex.R’ failed
The error most likely occurred in:
> base::assign(".ptime", proc.time(), pos = "CheckExEnv")
> ### Name: genus_search_itis
> ### Title: Wrapper function for several functions in ritis:: Searches ITIS
> ### database for matches to a genus name
> ### Aliases: genus_search_itis
>
> ### ** Examples
>
> genus='Anabaena'
> genus_search_itis(genus,higher=FALSE)
Error in curl::curl_fetch_memory(x$url$url, handle = x$url$handle) :
Failure when receiving data from the peer [services.itis.gov]:
Recv failure: Connection reset by peer
Calls: genus_search_itis -> tryCatch -> tryCatchList
Execution halted
Flavor: r-devel-linux-x86_64-debian-gcc
Version: 2.0.4
Check: examples
Result: ERROR
Running examples in 'algaeClassify-Ex.R' failed
The error most likely occurred in:
> ### Name: genus_search_itis
> ### Title: Wrapper function for several functions in ritis:: Searches ITIS
> ### database for matches to a genus name
> ### Aliases: genus_search_itis
>
> ### ** Examples
>
> genus='Anabaena'
> genus_search_itis(genus,higher=FALSE)
Error in curl::curl_fetch_memory(x$url$url, handle = x$url$handle) :
Failure when receiving data from the peer [services.itis.gov]:
Recv failure: Connection was reset
Calls: genus_search_itis -> tryCatch -> tryCatchList
Execution halted
Flavor: r-release-windows-x86_64