Last updated on 2025-05-03 12:54:34 CEST.
Flavor | Version | Tinstall | Tcheck | Ttotal | Status | Flags |
---|---|---|---|---|---|---|
r-devel-linux-x86_64-debian-clang | 1.0.2 | 2.83 | 391.85 | 394.68 | NOTE | |
r-devel-linux-x86_64-debian-gcc | 1.0.2 | 1.97 | 277.56 | 279.53 | NOTE | |
r-devel-linux-x86_64-fedora-clang | 1.0.2 | 584.88 | NOTE | |||
r-devel-linux-x86_64-fedora-gcc | 1.0.2 | 657.57 | NOTE | |||
r-devel-windows-x86_64 | 1.0.2 | 5.00 | 521.00 | 526.00 | NOTE | |
r-patched-linux-x86_64 | 1.0.2 | 2.84 | 405.60 | 408.44 | NOTE | |
r-release-linux-x86_64 | NOTE | |||||
r-release-macos-arm64 | 1.0.2 | 166.00 | NOTE | |||
r-release-macos-x86_64 | 1.0.2 | 484.00 | NOTE | |||
r-release-windows-x86_64 | 1.0.2 | 5.00 | 527.00 | 532.00 | NOTE | |
r-oldrel-macos-arm64 | 1.0.2 | 161.00 | OK | |||
r-oldrel-macos-x86_64 | 1.0.2 | 470.00 | OK | |||
r-oldrel-windows-x86_64 | 1.0.2 | 5.00 | 475.00 | 480.00 | OK |
Version: 1.0.2
Check: DESCRIPTION meta-information
Result: NOTE
Missing dependency on R >= 4.1.0 because package code uses the pipe
|> or function shorthand \(...) syntax added in R 4.1.0.
File(s) using such syntax:
‘lambda_functions.R’ ‘likelihood-space.R’ ‘snc.R’
Flavors: r-devel-linux-x86_64-debian-clang, r-devel-linux-x86_64-debian-gcc, r-devel-linux-x86_64-fedora-clang, r-devel-linux-x86_64-fedora-gcc, r-devel-windows-x86_64, r-patched-linux-x86_64, r-release-linux-x86_64, r-release-macos-arm64, r-release-macos-x86_64, r-release-windows-x86_64