Last updated on 2025-05-03 21:51:09 CEST.
Flavor | Version | Tinstall | Tcheck | Ttotal | Status | Flags |
---|---|---|---|---|---|---|
r-devel-linux-x86_64-debian-clang | 0.3.4 | 36.25 | 39.46 | 75.71 | NOTE | |
r-devel-linux-x86_64-debian-gcc | 0.3.4 | 26.34 | 30.50 | 56.84 | NOTE | |
r-devel-linux-x86_64-fedora-clang | 0.3.4 | 142.15 | NOTE | |||
r-devel-linux-x86_64-fedora-gcc | 0.3.4 | 140.72 | NOTE | |||
r-devel-windows-x86_64 | 0.3.4 | 44.00 | 77.00 | 121.00 | NOTE | |
r-patched-linux-x86_64 | 0.3.4 | 35.03 | 37.18 | 72.21 | NOTE | |
r-release-linux-x86_64 | NOTE | |||||
r-release-macos-arm64 | 0.3.4 | 59.00 | NOTE | |||
r-release-macos-x86_64 | 0.3.4 | 74.00 | NOTE | |||
r-release-windows-x86_64 | 0.3.4 | 43.00 | 76.00 | 119.00 | NOTE | |
r-oldrel-macos-arm64 | 0.3.4 | 44.00 | NOTE | |||
r-oldrel-macos-x86_64 | 0.3.4 | 54.00 | NOTE | |||
r-oldrel-windows-x86_64 | 0.3.4 | 53.00 | 94.00 | 147.00 | NOTE |
Version: 0.3.4
Check: CRAN incoming feasibility
Result: NOTE
Maintainer: ‘Amrei Stammann <amrei.stammann@rub.de>’
The Description field contains
described in Stammann (2018) <arXiv:1707.01815> and is restricted to
and Wanner (2020) <arXiv:2004.12655>.
Please refer to arXiv e-prints via their arXiv DOI <doi:10.48550/arXiv.YYMM.NNNNN>.
Flavors: r-devel-linux-x86_64-debian-clang, r-devel-linux-x86_64-debian-gcc
Version: 0.3.4
Check: C++ specification
Result: NOTE
Specified C++11: please drop specification unless essential
Flavors: r-devel-linux-x86_64-debian-clang, r-devel-linux-x86_64-debian-gcc, r-devel-linux-x86_64-fedora-clang, r-devel-linux-x86_64-fedora-gcc, r-devel-windows-x86_64, r-patched-linux-x86_64, r-release-linux-x86_64, r-release-macos-arm64, r-release-macos-x86_64, r-release-windows-x86_64, r-oldrel-macos-arm64, r-oldrel-macos-x86_64, r-oldrel-windows-x86_64