CRAN Package Check Results for Package alphashape3d

Last updated on 2025-05-03 21:51:09 CEST.

Flavor Version Tinstall Tcheck Ttotal Status Flags
r-devel-linux-x86_64-debian-clang 1.3.2 6.00 44.11 50.11 NOTE
r-devel-linux-x86_64-debian-gcc 1.3.2 4.49 33.90 38.39 NOTE
r-devel-linux-x86_64-fedora-clang 1.3.2 80.32 OK
r-devel-linux-x86_64-fedora-gcc 1.3.2 78.98 OK
r-devel-windows-x86_64 1.3.2 11.00 74.00 85.00 NOTE
r-patched-linux-x86_64 1.3.2 6.59 42.82 49.41 NOTE
r-release-linux-x86_64 NOTE
r-release-macos-arm64 1.3.2 32.00 OK
r-release-macos-x86_64 1.3.2 47.00 OK
r-release-windows-x86_64 1.3.2 12.00 62.00 74.00 NOTE
r-oldrel-macos-arm64 1.3.2 27.00 OK
r-oldrel-macos-x86_64 1.3.2 39.00 OK
r-oldrel-windows-x86_64 1.3.2 12.00 73.00 85.00 OK

Check Details

Version: 1.3.2
Check: CRAN incoming feasibility
Result: NOTE Maintainer: ‘Beatriz Pateiro-Lopez <beatriz.pateiro@usc.es>’ No Authors@R field in DESCRIPTION. Please add one, modifying Authors@R: c(person(given = "Thomas", family = "Lafarge", role = "aut"), person(given = "Beatriz", family = "Pateiro-Lopez", role = c("aut", "cre"), email = "beatriz.pateiro@usc.es")) as necessary. Flavors: r-devel-linux-x86_64-debian-clang, r-devel-linux-x86_64-debian-gcc

Version: 1.3.2
Check: Rd cross-references
Result: NOTE Found the following Rd file(s) with Rd \link{} targets missing package anchors: plot.ashape3d.Rd: rgl, material3d surfaceNormals.Rd: material3d Please provide package anchors for all Rd \link{} targets not in the package itself and the base packages. Flavors: r-devel-linux-x86_64-debian-clang, r-devel-linux-x86_64-debian-gcc, r-devel-windows-x86_64, r-patched-linux-x86_64, r-release-linux-x86_64, r-release-windows-x86_64