Last updated on 2025-05-03 21:51:09 CEST.
Flavor | Version | Tinstall | Tcheck | Ttotal | Status | Flags |
---|---|---|---|---|---|---|
r-devel-linux-x86_64-debian-clang | 0.3.0 | 8.48 | 119.91 | 128.39 | OK | |
r-devel-linux-x86_64-debian-gcc | 0.3.0 | 6.13 | 88.01 | 94.14 | OK | |
r-devel-linux-x86_64-fedora-clang | 0.3.0 | 178.35 | NOTE | |||
r-devel-linux-x86_64-fedora-gcc | 0.3.0 | 181.36 | NOTE | |||
r-devel-windows-x86_64 | 0.3.0 | 12.00 | 92.00 | 104.00 | OK | |
r-patched-linux-x86_64 | 0.3.0 | 8.76 | 108.99 | 117.75 | OK | |
r-release-linux-x86_64 | OK | |||||
r-release-macos-arm64 | 0.3.0 | 44.00 | OK | |||
r-release-macos-x86_64 | 0.3.0 | 86.00 | OK | |||
r-release-windows-x86_64 | 0.3.0 | 10.00 | 88.00 | 98.00 | OK | |
r-oldrel-macos-arm64 | 0.3.0 | 44.00 | NOTE | |||
r-oldrel-macos-x86_64 | 0.3.0 | 119.00 | OK | |||
r-oldrel-windows-x86_64 | 0.3.0 | 14.00 | 113.00 | 127.00 | NOTE |
Version: 0.3.0
Check: dependencies in R code
Result: NOTE
Namespaces in Imports field not imported from:
‘magrittr’ ‘tidyverse’
All declared Imports should be used.
Flavors: r-devel-linux-x86_64-fedora-clang, r-devel-linux-x86_64-fedora-gcc
Version: 0.3.0
Check: package dependencies
Result: NOTE
Package suggested but not available for checking: ‘metaboliteIDmapping’
Flavors: r-oldrel-macos-arm64, r-oldrel-windows-x86_64