Last updated on 2025-05-03 21:51:09 CEST.
Flavor | Version | Tinstall | Tcheck | Ttotal | Status | Flags |
---|---|---|---|---|---|---|
r-devel-linux-x86_64-debian-clang | 1.0.0 | 3.56 | 48.95 | 52.51 | NOTE | |
r-devel-linux-x86_64-debian-gcc | 1.0.0 | 2.94 | 36.80 | 39.74 | NOTE | |
r-devel-linux-x86_64-fedora-clang | 1.0.0 | 85.50 | OK | |||
r-devel-linux-x86_64-fedora-gcc | 1.0.0 | 91.47 | OK | |||
r-devel-windows-x86_64 | 1.0.0 | 6.00 | 93.00 | 99.00 | OK | |
r-patched-linux-x86_64 | 1.0.0 | 4.26 | 46.04 | 50.30 | OK | |
r-release-linux-x86_64 | OK | |||||
r-release-macos-arm64 | 1.0.0 | 71.00 | OK | |||
r-release-macos-x86_64 | 1.0.0 | 95.00 | OK | |||
r-release-windows-x86_64 | 1.0.0 | 6.00 | 93.00 | 99.00 | OK | |
r-oldrel-macos-arm64 | 1.0.0 | 61.00 | OK | |||
r-oldrel-macos-x86_64 | 1.0.0 | 78.00 | OK | |||
r-oldrel-windows-x86_64 | 1.0.0 | 7.00 | 109.00 | 116.00 | OK |
Version: 1.0.0
Check: CRAN incoming feasibility
Result: NOTE
Maintainer: ‘Housen Chu <hchu@lbl.gov>’
Package CITATION file contains call(s) to old-style personList() or
as.personList(). Please use c() on person objects instead.
Package CITATION file contains call(s) to old-style citEntry(). Please
use bibentry() instead.
Flavors: r-devel-linux-x86_64-debian-clang, r-devel-linux-x86_64-debian-gcc