Last updated on 2025-05-04 03:50:47 CEST.
Flavor | Version | Tinstall | Tcheck | Ttotal | Status | Flags |
---|---|---|---|---|---|---|
r-devel-linux-x86_64-debian-clang | 1.2 | 32.87 | 184.72 | 217.59 | NOTE | |
r-devel-linux-x86_64-debian-gcc | 1.2 | 21.13 | 127.13 | 148.26 | NOTE | |
r-devel-linux-x86_64-fedora-clang | 1.2 | 326.00 | NOTE | |||
r-devel-linux-x86_64-fedora-gcc | 1.2 | 330.47 | NOTE | |||
r-devel-windows-x86_64 | 1.2 | 33.00 | 158.00 | 191.00 | NOTE | |
r-patched-linux-x86_64 | 1.2 | 31.29 | 174.90 | 206.19 | NOTE | |
r-release-linux-x86_64 | NOTE | |||||
r-release-macos-arm64 | 1.2 | 85.00 | NOTE | |||
r-release-macos-x86_64 | 1.2 | 213.00 | NOTE | |||
r-release-windows-x86_64 | 1.2 | 33.00 | 156.00 | 189.00 | NOTE | |
r-oldrel-macos-arm64 | 1.2 | 77.00 | NOTE | |||
r-oldrel-macos-x86_64 | 1.2 | 140.00 | NOTE | |||
r-oldrel-windows-x86_64 | 1.2 | 45.00 | 210.00 | 255.00 | NOTE |
Version: 1.2
Check: CRAN incoming feasibility
Result: NOTE
Maintainer: ‘Samuel Ackerman <smackrmn@gmail.com>’
No Authors@R field in DESCRIPTION.
Please add one, modifying
Authors@R: person(given = "Samuel",
family = "Ackerman",
role = c("aut", "cre"),
email = "smackrmn@gmail.com")
as necessary.
Flavors: r-devel-linux-x86_64-debian-clang, r-devel-linux-x86_64-debian-gcc
Version: 1.2
Check: Rd files
Result: NOTE
checkRd: (-1) EKF_1d_interp_joint.Rd:55: Lost braces; missing escapes or markup?
55 | Prior 1x1 covariance matrix for predicting x_t from x_{t-1}.
| ^
checkRd: (-1) EKF_interp_joint.Rd:65: Lost braces; missing escapes or markup?
65 | Prior 2x2 covariance matrix for predicting x_t from x_{t-1}.
| ^
Flavors: r-devel-linux-x86_64-debian-clang, r-devel-linux-x86_64-debian-gcc, r-devel-linux-x86_64-fedora-clang, r-devel-linux-x86_64-fedora-gcc, r-devel-windows-x86_64, r-patched-linux-x86_64, r-release-linux-x86_64, r-release-macos-arm64, r-release-macos-x86_64, r-release-windows-x86_64, r-oldrel-macos-arm64, r-oldrel-macos-x86_64, r-oldrel-windows-x86_64
Version: 1.2
Check: Rd cross-references
Result: NOTE
Found the following Rd file(s) with Rd \link{} targets missing package
anchors:
make_segments.Rd: ggplot
Please provide package anchors for all Rd \link{} targets not in the
package itself and the base packages.
Flavors: r-devel-linux-x86_64-debian-clang, r-devel-linux-x86_64-debian-gcc, r-devel-windows-x86_64, r-patched-linux-x86_64, r-release-linux-x86_64, r-release-windows-x86_64