CRAN Package Check Results for Package anovir

Last updated on 2025-07-22 12:49:26 CEST.

Flavor Version Tinstall Tcheck Ttotal Status Flags
r-devel-linux-x86_64-debian-clang 0.1.0 9.25 176.45 185.70 NOTE
r-devel-linux-x86_64-debian-gcc 0.1.0 6.99 124.12 131.11 NOTE
r-devel-linux-x86_64-fedora-clang 0.1.0 294.73 OK
r-devel-linux-x86_64-fedora-gcc 0.1.0 306.17 OK
r-devel-windows-x86_64 0.1.0 10.00 187.00 197.00 OK
r-patched-linux-x86_64 0.1.0 8.72 170.30 179.02 OK
r-release-linux-x86_64 0.1.0 9.22 169.54 178.76 OK
r-release-macos-arm64 0.1.0 105.00 OK
r-release-macos-x86_64 0.1.0 187.00 OK
r-release-windows-x86_64 0.1.0 11.00 189.00 200.00 OK
r-oldrel-macos-arm64 0.1.0 91.00 OK
r-oldrel-macos-x86_64 0.1.0 146.00 OK
r-oldrel-windows-x86_64 0.1.0 14.00 247.00 261.00 OK

Additional issues

donttest

Check Details

Version: 0.1.0
Check: CRAN incoming feasibility
Result: NOTE Maintainer: ‘Philip Agnew <philip.agnew@ird.fr>’ Found the following URLs which should use \doi (with the DOI name only): File ‘anovir-package.Rd’: https://doi.org/10.1101/530709 File ‘data_blanford.Rd’: https://doi.org/10.1186/1475-2875-11-365 File ‘data_lorenz.Rd’: https://doi.org/10.1101/530709 https://doi.org/10.1111/j.1752-4571.2011.00199.x https://doi.org/10.5061/dryad.2s231 File ‘data_parker.Rd’: https://doi.org/10.1111/evo.12418 https://doi.org/10.5061/dryad.24gq7 Flavors: r-devel-linux-x86_64-debian-clang, r-devel-linux-x86_64-debian-gcc