Last updated on 2025-05-06 06:49:49 CEST.
Flavor | Version | Tinstall | Tcheck | Ttotal | Status | Flags |
---|---|---|---|---|---|---|
r-devel-linux-x86_64-debian-clang | 1.1 | 1.93 | 19.25 | 21.18 | NOTE | |
r-devel-linux-x86_64-debian-gcc | 1.1 | 1.48 | 15.50 | 16.98 | NOTE | |
r-devel-linux-x86_64-fedora-clang | 1.1 | 32.27 | OK | |||
r-devel-linux-x86_64-fedora-gcc | 1.1 | 31.22 | OK | |||
r-devel-windows-x86_64 | 1.1 | 3.00 | 45.00 | 48.00 | OK | |
r-patched-linux-x86_64 | 1.1 | 1.61 | 18.84 | 20.45 | OK | |
r-release-linux-x86_64 | 1.1 | 1.58 | 18.27 | 19.85 | OK | |
r-release-macos-arm64 | 1.1 | 30.00 | OK | |||
r-release-macos-x86_64 | 1.1 | 26.00 | OK | |||
r-release-windows-x86_64 | 1.1 | 2.00 | 50.00 | 52.00 | OK | |
r-oldrel-macos-arm64 | 1.1 | 22.00 | OK | |||
r-oldrel-macos-x86_64 | 1.1 | 21.00 | OK | |||
r-oldrel-windows-x86_64 | 1.1 | 4.00 | 48.00 | 52.00 | OK |
Version: 1.1
Check: CRAN incoming feasibility
Result: NOTE
Maintainer: ‘Quinten Stokkink <q.a.stokkink@tudelft.nl>’
No Authors@R field in DESCRIPTION.
Please add one, modifying
Authors@R: person(given = "Quinten",
family = "Stokkink",
role = c("aut", "cre"),
email = "q.a.stokkink@tudelft.nl")
as necessary.
Flavors: r-devel-linux-x86_64-debian-clang, r-devel-linux-x86_64-debian-gcc