CRAN Package Check Results for Package archetypes

Last updated on 2025-05-03 21:51:10 CEST.

Flavor Version Tinstall Tcheck Ttotal Status Flags
r-devel-linux-x86_64-debian-clang 2.2-0.1 4.07 122.26 126.33 NOTE
r-devel-linux-x86_64-debian-gcc 2.2-0.2 2.77 72.44 75.21 OK
r-devel-linux-x86_64-fedora-clang 2.2-0.2 206.34 OK
r-devel-linux-x86_64-fedora-gcc 2.2-0.2 208.67 OK
r-devel-windows-x86_64 2.2-0.1 5.00 142.00 147.00 NOTE
r-patched-linux-x86_64 2.2-0.1 4.47 115.88 120.35 NOTE
r-release-linux-x86_64 NOTE
r-release-macos-arm64 2.2-0.2 87.00 OK
r-release-macos-x86_64 2.2-0.2 162.00 OK
r-release-windows-x86_64 2.2-0.2 6.00 157.00 163.00 OK
r-oldrel-macos-arm64 2.2-0.2 77.00 OK
r-oldrel-macos-x86_64 2.2-0.2 166.00 OK
r-oldrel-windows-x86_64 2.2-0.1 6.00 172.00 178.00 OK

Check Details

Version: 2.2-0.1
Check: CRAN incoming feasibility
Result: NOTE Maintainer: ‘Manuel J. A. Eugster <manuel@mjae.net>’ Package CITATION file contains call(s) to old-style personList() or as.personList(). Please use c() on person objects instead. Package CITATION file contains call(s) to old-style citEntry(). Please use bibentry() instead. Flavor: r-devel-linux-x86_64-debian-clang

Version: 2.2-0.1
Check: Rd cross-references
Result: NOTE Found the following Rd file(s) with Rd \link{} targets missing package anchors: as.archetypes.Rd: parameters Please provide package anchors for all Rd \link{} targets not in the package itself and the base packages. Flavors: r-devel-linux-x86_64-debian-clang, r-devel-windows-x86_64, r-patched-linux-x86_64, r-release-linux-x86_64

Version: 2.2-0.1
Check: for unstated dependencies in ‘demo’
Result: NOTE 'library' or 'require' call not declared from: ‘mvtnorm’ Flavors: r-devel-linux-x86_64-debian-clang, r-patched-linux-x86_64, r-release-linux-x86_64