CRAN Package Check Results for Package arrowheadr

Last updated on 2025-05-03 12:54:35 CEST.

Flavor Version Tinstall Tcheck Ttotal Status Flags
r-devel-linux-x86_64-debian-clang 1.0.1 2.59 23.77 26.36 NOTE
r-devel-linux-x86_64-debian-gcc 1.0.1 1.90 18.97 20.87 NOTE
r-devel-linux-x86_64-fedora-clang 1.0.1 37.97 NOTE
r-devel-linux-x86_64-fedora-gcc 1.0.1 36.33 NOTE
r-devel-windows-x86_64 1.0.1 4.00 47.00 51.00 NOTE
r-patched-linux-x86_64 1.0.1 2.71 21.71 24.42 NOTE
r-release-linux-x86_64 NOTE
r-release-macos-arm64 1.0.1 19.00 NOTE
r-release-macos-x86_64 1.0.1 28.00 NOTE
r-release-windows-x86_64 1.0.1 4.00 47.00 51.00 NOTE
r-oldrel-macos-arm64 1.0.1 17.00 OK
r-oldrel-macos-x86_64 1.0.1 39.00 OK
r-oldrel-windows-x86_64 1.0.1 5.00 50.00 55.00 OK

Check Details

Version: 1.0.1
Check: DESCRIPTION meta-information
Result: NOTE Missing dependency on R >= 4.1.0 because package code uses the pipe |> or function shorthand \(...) syntax added in R 4.1.0. File(s) using such syntax: ‘main.R’ ‘transformer.Rd’ Flavors: r-devel-linux-x86_64-debian-clang, r-devel-linux-x86_64-debian-gcc, r-devel-linux-x86_64-fedora-clang, r-devel-linux-x86_64-fedora-gcc, r-devel-windows-x86_64, r-patched-linux-x86_64, r-release-linux-x86_64, r-release-macos-arm64, r-release-macos-x86_64, r-release-windows-x86_64