Last updated on 2025-05-03 21:51:10 CEST.
Flavor | Version | Tinstall | Tcheck | Ttotal | Status | Flags |
---|---|---|---|---|---|---|
r-devel-linux-x86_64-debian-clang | 0.50 | 1.20 | 14.03 | 15.23 | NOTE | |
r-devel-linux-x86_64-debian-gcc | 0.50 | 1.13 | 11.78 | 12.91 | NOTE | |
r-devel-linux-x86_64-fedora-clang | 0.50 | 23.97 | OK | |||
r-devel-linux-x86_64-fedora-gcc | 0.50 | 23.67 | OK | |||
r-devel-windows-x86_64 | 0.50 | 2.00 | 39.00 | 41.00 | OK | |
r-patched-linux-x86_64 | 0.50 | 1.36 | 13.65 | 15.01 | OK | |
r-release-linux-x86_64 | OK | |||||
r-release-macos-arm64 | 0.50 | 14.00 | OK | |||
r-release-macos-x86_64 | 0.50 | 24.00 | OK | |||
r-release-windows-x86_64 | 0.50 | 2.00 | 41.00 | 43.00 | OK | |
r-oldrel-macos-arm64 | 0.50 | 18.00 | OK | |||
r-oldrel-macos-x86_64 | 0.50 | 17.00 | OK | |||
r-oldrel-windows-x86_64 | 0.50 | 2.00 | 39.00 | 41.00 | OK |
Version: 0.50
Check: CRAN incoming feasibility
Result: NOTE
Maintainer: ‘Dirk F. Moore <dirkfmoore@gmail.com>’
No Authors@R field in DESCRIPTION.
Please add one, modifying
Authors@R: person(given = c("Dirk", "F."),
family = "Moore",
role = c("aut", "cre"),
email = "dirkfmoore@gmail.com")
as necessary.
Flavors: r-devel-linux-x86_64-debian-clang, r-devel-linux-x86_64-debian-gcc