CRAN Package Check Results for Package aslib

Last updated on 2025-05-03 12:54:35 CEST.

Flavor Version Tinstall Tcheck Ttotal Status Flags
r-devel-linux-x86_64-debian-clang 0.1.2 17.64 154.53 172.17 NOTE
r-devel-linux-x86_64-debian-gcc 0.1.2 12.37 118.59 130.96 NOTE
r-devel-linux-x86_64-fedora-clang 0.1.2 249.39 NOTE
r-devel-linux-x86_64-fedora-gcc 0.1.2 250.61 NOTE
r-devel-windows-x86_64 0.1.2 19.00 142.00 161.00 NOTE
r-patched-linux-x86_64 0.1.2 18.79 148.86 167.65 NOTE
r-release-linux-x86_64 NOTE
r-release-macos-arm64 0.1.2 71.00 NOTE
r-release-macos-x86_64 0.1.2 124.00 NOTE
r-release-windows-x86_64 0.1.2 19.00 142.00 161.00 NOTE
r-oldrel-macos-arm64 0.1.2 65.00 NOTE
r-oldrel-macos-x86_64 0.1.2 100.00 NOTE
r-oldrel-windows-x86_64 0.1.2 21.00 173.00 194.00 NOTE

Check Details

Version: 0.1.2
Check: CRAN incoming feasibility
Result: NOTE Maintainer: ‘Lars Kotthoff <larsko@uwyo.edu>’ No Authors@R field in DESCRIPTION. Please add one, modifying Authors@R: c(person(given = "Bernd", family = "Bischl", role = "aut", email = "bernd_bischl@gmx.net"), person(given = "Lars", family = "Kotthoff", role = c("aut", "cre"), email = "larsko@uwyo.edu"), person(given = "Pascal", family = "Kerschke", role = c("ctb", "aut"), email = "kerschke@uni-muenster.de"), person(given = "Damir", family = "Pulatov", role = c("ctb", "aut"), email = "damirpolat@protonmail.com")) as necessary. Flavors: r-devel-linux-x86_64-debian-clang, r-devel-linux-x86_64-debian-gcc

Version: 0.1.2
Check: Rd files
Result: NOTE checkRd: (-1) convertAlgoPerfToWideFormat.Rd:28: Lost braces 28 | code{NA} means the performance value is not available, possibly because the algorithm run was aborted. | ^ checkRd: (-1) parseASScenario.Rd:40: Lost braces 40 | code{NA} means the cost is not available, possibly because the feature computation was aborted. | ^ checkRd: (-1) parseASScenario.Rd:47: Lost braces 47 | code{NA} means the cost is not available, possibly because the feature computation was aborted. | ^ checkRd: (-1) parseASScenario.Rd:55: Lost braces 55 | code{NA} means the feature is not available, possibly because the feature computation was aborted. | ^ checkRd: (-1) parseASScenario.Rd:62: Lost braces 62 | code{NA} means the feature is not available, possibly because the feature computation was aborted. | ^ Flavors: r-devel-linux-x86_64-debian-clang, r-devel-linux-x86_64-debian-gcc, r-devel-linux-x86_64-fedora-clang, r-devel-linux-x86_64-fedora-gcc, r-devel-windows-x86_64, r-patched-linux-x86_64, r-release-linux-x86_64, r-release-macos-arm64, r-release-macos-x86_64, r-release-windows-x86_64, r-oldrel-macos-arm64, r-oldrel-macos-x86_64, r-oldrel-windows-x86_64

Version: 0.1.2
Check: Rd cross-references
Result: NOTE Found the following Rd file(s) with Rd \link{} targets missing package anchors: createCVSplits.Rd: write.arff summarizeLlamaExps.Rd: Registry, reduceResultsList Please provide package anchors for all Rd \link{} targets not in the package itself and the base packages. Flavors: r-devel-linux-x86_64-debian-clang, r-devel-linux-x86_64-debian-gcc, r-devel-windows-x86_64, r-patched-linux-x86_64, r-release-linux-x86_64, r-release-windows-x86_64