Last updated on 2025-05-03 12:54:35 CEST.
Flavor | Version | Tinstall | Tcheck | Ttotal | Status | Flags |
---|---|---|---|---|---|---|
r-devel-linux-x86_64-debian-clang | 2021.1.2 | 2.67 | 161.85 | 164.52 | OK | |
r-devel-linux-x86_64-debian-gcc | 2021.1.2 | 2.21 | 113.79 | 116.00 | OK | |
r-devel-linux-x86_64-fedora-clang | 2021.1.2 | 231.83 | NOTE | |||
r-devel-linux-x86_64-fedora-gcc | 2021.1.2 | 233.91 | NOTE | |||
r-devel-windows-x86_64 | 2021.1.2 | 5.00 | 162.00 | 167.00 | OK | |
r-patched-linux-x86_64 | 2021.1.2 | 2.87 | 161.36 | 164.23 | OK | |
r-release-linux-x86_64 | OK | |||||
r-release-macos-arm64 | 2021.1.2 | 135.00 | OK | |||
r-release-macos-x86_64 | 2021.1.2 | 165.00 | OK | |||
r-release-windows-x86_64 | 2021.1.2 | 6.00 | 164.00 | 170.00 | OK | |
r-oldrel-macos-arm64 | 2021.1.2 | 79.00 | OK | |||
r-oldrel-macos-x86_64 | 2021.1.2 | 149.00 | OK | |||
r-oldrel-windows-x86_64 | 2021.1.2 | 6.00 | 225.00 | 231.00 | OK |
Version: 2021.1.2
Check: dependencies in R code
Result: NOTE
Namespaces in Imports field not imported from:
‘dlnm’ ‘ggplot2’ ‘mvmeta’ ‘pbs’ ‘tsModel’
All declared Imports should be used.
Flavors: r-devel-linux-x86_64-fedora-clang, r-devel-linux-x86_64-fedora-gcc