Last updated on 2024-06-16 11:57:51 CEST.
Flavor | Version | Tinstall | Tcheck | Ttotal | Status | Flags |
---|---|---|---|---|---|---|
r-devel-linux-x86_64-debian-clang | 0.1.0 | 2.44 | 375.72 | 378.16 | NOTE | |
r-devel-linux-x86_64-debian-gcc | 0.1.0 | 1.85 | 245.72 | 247.57 | NOTE | |
r-devel-linux-x86_64-fedora-clang | 0.1.0 | 473.06 | NOTE | |||
r-devel-linux-x86_64-fedora-gcc | 0.1.0 | 447.90 | NOTE | |||
r-devel-windows-x86_64 | 0.1.0 | 3.00 | 256.00 | 259.00 | NOTE | |
r-patched-linux-x86_64 | 0.1.0 | 2.28 | 358.59 | 360.87 | NOTE | |
r-release-linux-x86_64 | 0.1.0 | 2.44 | 364.78 | 367.22 | NOTE | |
r-release-macos-arm64 | 0.1.0 | 101.00 | NOTE | |||
r-release-macos-x86_64 | 0.1.0 | 174.00 | NOTE | |||
r-release-windows-x86_64 | 0.1.0 | 3.00 | 258.00 | 261.00 | NOTE | |
r-oldrel-macos-arm64 | 0.1.0 | 112.00 | NOTE | |||
r-oldrel-macos-x86_64 | 0.1.0 | 199.00 | NOTE | |||
r-oldrel-windows-x86_64 | 0.1.0 | 4.00 | 338.00 | 342.00 | NOTE |
Version: 0.1.0
Check: LazyData
Result: NOTE
'LazyData' is specified without a 'data' directory
Flavors: r-devel-linux-x86_64-debian-clang, r-devel-linux-x86_64-debian-gcc, r-devel-linux-x86_64-fedora-clang, r-devel-linux-x86_64-fedora-gcc, r-devel-windows-x86_64, r-patched-linux-x86_64, r-release-linux-x86_64, r-release-macos-arm64, r-release-macos-x86_64, r-release-windows-x86_64, r-oldrel-macos-arm64, r-oldrel-macos-x86_64, r-oldrel-windows-x86_64