Last updated on 2025-05-04 03:50:48 CEST.
Flavor | Version | Tinstall | Tcheck | Ttotal | Status | Flags |
---|---|---|---|---|---|---|
r-devel-linux-x86_64-debian-clang | 0.3 | 2.50 | 24.74 | 27.24 | NOTE | |
r-devel-linux-x86_64-debian-gcc | 0.3 | 1.79 | 19.83 | 21.62 | NOTE | |
r-devel-linux-x86_64-fedora-clang | 0.3 | 41.98 | OK | |||
r-devel-linux-x86_64-fedora-gcc | 0.3 | 40.03 | OK | |||
r-devel-windows-x86_64 | 0.3 | 4.00 | 45.00 | 49.00 | OK | |
r-patched-linux-x86_64 | 0.3 | 2.48 | 23.72 | 26.20 | OK | |
r-release-linux-x86_64 | OK | |||||
r-release-macos-arm64 | 0.3 | 19.00 | OK | |||
r-release-macos-x86_64 | 0.3 | 27.00 | OK | |||
r-release-windows-x86_64 | 0.3 | 4.00 | 45.00 | 49.00 | OK | |
r-oldrel-macos-arm64 | 0.3 | 17.00 | NOTE | |||
r-oldrel-macos-x86_64 | 0.3 | 25.00 | NOTE | |||
r-oldrel-windows-x86_64 | 0.3 | 4.00 | 49.00 | 53.00 | NOTE |
Version: 0.3
Check: CRAN incoming feasibility
Result: NOTE
Maintainer: ‘Navinkumar Nedunchezhian <navinkumar.nedunchezhian@gmail.com>’
No Authors@R field in DESCRIPTION.
Please add one, modifying
Authors@R: person(given = "Navinkumar",
family = "Nedunchezhian",
role = c("aut", "cre"),
email = "navinkumar.nedunchezhian@gmail.com")
as necessary.
Flavors: r-devel-linux-x86_64-debian-clang, r-devel-linux-x86_64-debian-gcc
Version: 0.3
Check: LazyData
Result: NOTE
'LazyData' is specified without a 'data' directory
Flavors: r-oldrel-macos-arm64, r-oldrel-macos-x86_64, r-oldrel-windows-x86_64