Last updated on 2025-05-03 12:54:35 CEST.
Flavor | Version | Tinstall | Tcheck | Ttotal | Status | Flags |
---|---|---|---|---|---|---|
r-devel-linux-x86_64-debian-clang | 0.9.11 | 2.68 | 74.85 | 77.53 | NOTE | |
r-devel-linux-x86_64-debian-gcc | 0.9.11 | 2.09 | 53.27 | 55.36 | NOTE | |
r-devel-linux-x86_64-fedora-clang | 0.9.11 | 121.75 | NOTE | |||
r-devel-linux-x86_64-fedora-gcc | 0.9.11 | 121.78 | NOTE | |||
r-devel-windows-x86_64 | 0.9.11 | 5.00 | 91.00 | 96.00 | OK | |
r-patched-linux-x86_64 | 0.9.11 | 3.20 | 72.47 | 75.67 | OK | |
r-release-linux-x86_64 | OK | |||||
r-release-macos-arm64 | 0.9.11 | 43.00 | OK | |||
r-release-macos-x86_64 | 0.9.11 | 74.00 | OK | |||
r-release-windows-x86_64 | 0.9.11 | 5.00 | 90.00 | 95.00 | OK | |
r-oldrel-macos-arm64 | 0.9.11 | 41.00 | NOTE | |||
r-oldrel-macos-x86_64 | 0.9.11 | 90.00 | NOTE | |||
r-oldrel-windows-x86_64 | 0.9.11 | 6.00 | 109.00 | 115.00 | NOTE |
Version: 0.9.11
Check: CRAN incoming feasibility
Result: NOTE
Maintainer: ‘Vivien Roussez <vivien.roussez@gmail.com>’
No Authors@R field in DESCRIPTION.
Please add one, modifying
Authors@R: person(given = "Vivien",
family = "Roussez",
role = c("aut", "cre"),
email = "vivien.roussez@gmail.com")
as necessary.
Flavors: r-devel-linux-x86_64-debian-clang, r-devel-linux-x86_64-debian-gcc
Version: 0.9.11
Check: dependencies in R code
Result: NOTE
Namespaces in Imports field not imported from:
‘plotly’ ‘shinycssloaders’
All declared Imports should be used.
Flavors: r-devel-linux-x86_64-fedora-clang, r-devel-linux-x86_64-fedora-gcc
Version: 0.9.11
Check: LazyData
Result: NOTE
'LazyData' is specified without a 'data' directory
Flavors: r-oldrel-macos-arm64, r-oldrel-macos-x86_64, r-oldrel-windows-x86_64