CRAN Package Check Results for Package autocogs

Last updated on 2025-05-03 12:54:35 CEST.

Flavor Version Tinstall Tcheck Ttotal Status Flags
r-devel-linux-x86_64-debian-clang 0.1.4 5.15 48.63 53.78 OK
r-devel-linux-x86_64-debian-gcc 0.1.4 3.31 34.54 37.85 OK
r-devel-linux-x86_64-fedora-clang 0.1.4 80.20 NOTE
r-devel-linux-x86_64-fedora-gcc 0.1.4 74.47 NOTE
r-devel-windows-x86_64 0.1.4 6.00 63.00 69.00 OK
r-patched-linux-x86_64 0.1.4 5.69 45.02 50.71 OK
r-release-linux-x86_64 OK
r-release-macos-arm64 0.1.4 26.00 OK
r-release-macos-x86_64 0.1.4 48.00 OK
r-release-windows-x86_64 0.1.4 6.00 65.00 71.00 OK
r-oldrel-macos-arm64 0.1.4 27.00 OK
r-oldrel-macos-x86_64 0.1.4 41.00 OK
r-oldrel-windows-x86_64 0.1.4 9.00 78.00 87.00 OK

Check Details

Version: 0.1.4
Check: dependencies in R code
Result: NOTE Namespaces in Imports field not imported from: ‘MASS’ ‘broom’ ‘diptest’ ‘ggplot2’ ‘hexbin’ ‘moments’ All declared Imports should be used. Flavors: r-devel-linux-x86_64-fedora-clang, r-devel-linux-x86_64-fedora-gcc