CRAN Package Check Results for Package autokeras

Last updated on 2025-07-25 12:50:00 CEST.

Flavor Version Tinstall Tcheck Ttotal Status Flags
r-devel-linux-x86_64-debian-clang 1.0.12 6.77 69.68 76.45 OK
r-devel-linux-x86_64-debian-gcc 1.0.12 5.43 52.91 58.34 OK
r-devel-linux-x86_64-fedora-clang 1.0.12 116.32 OK
r-devel-linux-x86_64-fedora-gcc 1.0.12 113.61 OK
r-devel-windows-x86_64 1.0.12 10.00 178.00 188.00 OK
r-patched-linux-x86_64 1.0.12 7.39 64.59 71.98 OK
r-release-linux-x86_64 1.0.12 7.41 65.14 72.55 OK
r-release-macos-arm64 1.0.12 45.00 OK
r-release-macos-x86_64 1.0.12 60.00 OK
r-release-windows-x86_64 1.0.12 9.00 129.00 138.00 OK
r-oldrel-macos-arm64 1.0.12 32.00 NOTE
r-oldrel-macos-x86_64 1.0.12 51.00 NOTE
r-oldrel-windows-x86_64 1.0.12 11.00 120.00 131.00 NOTE

Check Details

Version: 1.0.12
Check: LazyData
Result: NOTE 'LazyData' is specified without a 'data' directory Flavors: r-oldrel-macos-arm64, r-oldrel-macos-x86_64, r-oldrel-windows-x86_64