CRAN Package Check Results for Package backbone

Last updated on 2025-05-03 12:54:35 CEST.

Flavor Version Tinstall Tcheck Ttotal Status Flags
r-devel-linux-x86_64-debian-clang 2.1.4 13.95 61.44 75.39 NOTE
r-devel-linux-x86_64-debian-gcc 2.1.4 9.38 45.90 55.28 NOTE
r-devel-linux-x86_64-fedora-clang 2.1.4 121.09 OK
r-devel-linux-x86_64-fedora-gcc 2.1.4 130.23 OK
r-devel-windows-x86_64 2.1.4 18.00 102.00 120.00 NOTE
r-patched-linux-x86_64 2.1.4 11.73 56.52 68.25 NOTE
r-release-linux-x86_64 NOTE
r-release-macos-arm64 2.1.4 58.00 OK
r-release-macos-x86_64 2.1.4 77.00 OK
r-release-windows-x86_64 2.1.4 20.00 100.00 120.00 NOTE
r-oldrel-macos-arm64 2.1.4 44.00 OK
r-oldrel-macos-x86_64 2.1.4 95.00 OK
r-oldrel-windows-x86_64 2.1.4 21.00 117.00 138.00 OK

Check Details

Version: 2.1.4
Check: Rd cross-references
Result: NOTE Found the following Rd file(s) with Rd \link{} targets missing package anchors: backbone.suggest.Rd: Matrix, igraph disparity.Rd: Matrix, igraph fdsm.Rd: Matrix, igraph fixedcol.Rd: Matrix, igraph fixedfill.Rd: Matrix, igraph fixedrow.Rd: Matrix, igraph global.Rd: Matrix, igraph lans.Rd: Matrix, igraph mlf.Rd: Matrix, igraph osdsm.Rd: Matrix, igraph sdsm.Rd: Matrix, igraph sparsify.Rd: Matrix, igraph sparsify.with.geometric.Rd: Matrix, igraph sparsify.with.gspar.Rd: Matrix, igraph sparsify.with.hypergeometric.Rd: Matrix, igraph sparsify.with.jaccard.Rd: Matrix, igraph sparsify.with.localdegree.Rd: Matrix, igraph sparsify.with.lspar.Rd: Matrix, igraph sparsify.with.meetmin.Rd: Matrix, igraph sparsify.with.quadrilateral.Rd: Matrix, igraph sparsify.with.simmelian.Rd: Matrix, igraph sparsify.with.skeleton.Rd: Matrix, igraph Please provide package anchors for all Rd \link{} targets not in the package itself and the base packages. Flavors: r-devel-linux-x86_64-debian-clang, r-devel-linux-x86_64-debian-gcc, r-devel-windows-x86_64, r-patched-linux-x86_64, r-release-linux-x86_64, r-release-windows-x86_64