Last updated on 2025-05-03 21:51:10 CEST.
Flavor | Version | Tinstall | Tcheck | Ttotal | Status | Flags |
---|---|---|---|---|---|---|
r-devel-linux-x86_64-debian-clang | 1.3.4.1 | 5.40 | 63.86 | 69.26 | NOTE | |
r-devel-linux-x86_64-debian-gcc | 1.3.4.1 | 4.15 | 46.42 | 50.57 | NOTE | |
r-devel-linux-x86_64-fedora-clang | 1.3.4.1 | 110.62 | OK | |||
r-devel-linux-x86_64-fedora-gcc | 1.3.4.1 | 123.33 | OK | |||
r-devel-windows-x86_64 | 1.3.4.1 | 8.00 | 119.00 | 127.00 | OK | |
r-patched-linux-x86_64 | 1.3.4.1 | 7.06 | 61.42 | 68.48 | OK | |
r-release-linux-x86_64 | OK | |||||
r-release-macos-arm64 | 1.3.4.1 | 48.00 | OK | |||
r-release-macos-x86_64 | 1.3.4.1 | 80.00 | OK | |||
r-release-windows-x86_64 | 1.3.4.1 | 9.00 | 102.00 | 111.00 | OK | |
r-oldrel-macos-arm64 | 1.3.4.1 | 45.00 | OK | |||
r-oldrel-macos-x86_64 | 1.3.4.1 | 79.00 | OK | |||
r-oldrel-windows-x86_64 | 1.3.4.1 | 10.00 | 109.00 | 119.00 | OK |
Version: 1.3.4.1
Check: CRAN incoming feasibility
Result: NOTE
Maintainer: ‘Adam Kapelner <kapelner@qc.cuny.edu>’
No Authors@R field in DESCRIPTION.
Please add one, modifying
Authors@R: c(person(given = "Adam",
family = "Kapelner",
role = c("aut", "cre"),
email = "kapelner@qc.cuny.edu"),
person(given = "Justin",
family = "Bleich",
role = "aut",
comment = c(ROR = "R package")))
as necessary.
Flavors: r-devel-linux-x86_64-debian-clang, r-devel-linux-x86_64-debian-gcc