CRAN Package Check Results for Package batchLLM

Last updated on 2025-07-25 21:49:34 CEST.

Flavor Version Tinstall Tcheck Ttotal Status Flags
r-devel-linux-x86_64-debian-clang 0.2.0 7.19 51.59 58.78 NOTE
r-devel-linux-x86_64-debian-gcc 0.2.0 5.12 37.92 43.04 NOTE
r-devel-linux-x86_64-fedora-clang 0.2.0 100.68 NOTE
r-devel-linux-x86_64-fedora-gcc 0.2.0 90.50 NOTE
r-devel-windows-x86_64 0.2.0 11.00 65.00 76.00 NOTE
r-patched-linux-x86_64 0.2.0 6.61 47.72 54.33 NOTE
r-release-linux-x86_64 0.2.0 7.31 48.86 56.17 NOTE
r-release-macos-arm64 0.2.0 29.00 NOTE
r-release-macos-x86_64 0.2.0 90.00 NOTE
r-release-windows-x86_64 0.2.0 10.00 67.00 77.00 NOTE
r-oldrel-macos-arm64 0.2.0 28.00 OK
r-oldrel-macos-x86_64 0.2.0 45.00 OK
r-oldrel-windows-x86_64 0.2.0 12.00 79.00 91.00 OK

Check Details

Version: 0.2.0
Check: DESCRIPTION meta-information
Result: NOTE Missing dependency on R >= 4.1.0 because package code uses the pipe |> or function shorthand \(...) syntax added in R 4.1.0. File(s) using such syntax: ‘batchLLM.R’ ‘batchLLM_shiny.R’ Flavors: r-devel-linux-x86_64-debian-clang, r-devel-linux-x86_64-debian-gcc, r-devel-linux-x86_64-fedora-clang, r-devel-linux-x86_64-fedora-gcc, r-devel-windows-x86_64, r-patched-linux-x86_64, r-release-linux-x86_64, r-release-macos-arm64, r-release-macos-x86_64, r-release-windows-x86_64