CRAN Package Check Results for Package bayesassurance

Last updated on 2025-05-03 21:51:10 CEST.

Flavor Version Tinstall Tcheck Ttotal Status Flags
r-devel-linux-x86_64-debian-clang 0.1.0 8.98 232.48 241.46 NOTE
r-devel-linux-x86_64-debian-gcc 0.1.0 6.48 142.84 149.32 NOTE
r-devel-linux-x86_64-fedora-clang 0.1.0 401.78 OK
r-devel-linux-x86_64-fedora-gcc 0.1.0 411.54 OK
r-devel-windows-x86_64 0.1.0 9.00 210.00 219.00 NOTE
r-patched-linux-x86_64 0.1.0 8.80 223.03 231.83 NOTE
r-release-linux-x86_64 NOTE
r-release-macos-arm64 0.1.0 198.00 OK
r-release-macos-x86_64 0.1.0 447.00 OK
r-release-windows-x86_64 0.1.0 11.00 202.00 213.00 NOTE
r-oldrel-macos-arm64 0.1.0 178.00 OK
r-oldrel-macos-x86_64 0.1.0 433.00 OK
r-oldrel-windows-x86_64 0.1.0 12.00 293.00 305.00 OK

Check Details

Version: 0.1.0
Check: CRAN incoming feasibility
Result: NOTE Maintainer: ‘Jane Pan <jpan1@ucla.edu>’ The Description field contains (2021) <arXiv:2112.03509>. Please refer to arXiv e-prints via their arXiv DOI <doi:10.48550/arXiv.YYMM.NNNNN>. Flavors: r-devel-linux-x86_64-debian-clang, r-devel-linux-x86_64-debian-gcc

Version: 0.1.0
Check: Rd cross-references
Result: NOTE Found the following Rd file(s) with Rd \link{} targets missing package anchors: pwr_curve.Rd: ggplot2 Please provide package anchors for all Rd \link{} targets not in the package itself and the base packages. Flavors: r-devel-linux-x86_64-debian-clang, r-devel-linux-x86_64-debian-gcc, r-devel-windows-x86_64, r-patched-linux-x86_64, r-release-linux-x86_64, r-release-windows-x86_64